Last updated on 2014-11-24 23:47:05.
Flavor | Version | Tinstall | Tcheck | Ttotal | Status | Flags |
---|---|---|---|---|---|---|
r-devel-linux-x86_64-debian-clang | 1.3-11 | 1.49 | 30.76 | 32.25 | OK | |
r-devel-linux-x86_64-debian-gcc | 1.3-11 | 1.59 | 30.48 | 32.08 | OK | |
r-devel-linux-x86_64-fedora-clang | 1.3-11 | 68.29 | OK | |||
r-devel-linux-x86_64-fedora-gcc | 1.3-11 | 66.05 | OK | |||
r-devel-osx-x86_64-clang | 1.3-11 | 65.74 | OK | |||
r-devel-windows-ix86+x86_64 | 1.3-11 | 5.00 | 43.00 | 48.00 | OK | |
r-patched-linux-x86_64 | 1.3-11 | 1.47 | 31.23 | 32.70 | OK | |
r-patched-solaris-sparc | 1.3-11 | 349.40 | OK | |||
r-patched-solaris-x86 | 1.3-11 | 86.70 | OK | |||
r-release-linux-ix86 | 1.3-11 | 1.90 | 39.41 | 41.30 | OK | |
r-release-linux-x86_64 | 1.3-11 | 1.44 | 31.68 | 33.13 | OK | |
r-release-osx-x86_64-mavericks | 1.3-11 | NOTE | ||||
r-release-osx-x86_64-snowleopard | 1.3-11 | OK | ||||
r-release-windows-ix86+x86_64 | 1.3-11 | 5.00 | 47.00 | 52.00 | OK | |
r-oldrel-windows-ix86+x86_64 | 1.3-11 | 4.00 | 48.00 | 52.00 | OK |
Version: 1.3-11
Check: re-building of vignette outputs
Result: NOTE
Error in re-building vignettes:
...
Loading required package: sp
Loading required package: raster
Error in texi2dvi(file = file, pdf = TRUE, clean = clean, quiet = quiet, :
Running 'texi2dvi' on 'geosphere.tex' failed.
LaTeX errors:
! LaTeX Error: File `hanging.sty' not found.
Type X to quit or <RETURN> to proceed,
or enter new name. (Default extension: sty)
gn_test/geosphere/vignettes/geosphere.tex:10: ==> Fatal error occurred, no out
put PDF file produced!
Calls: buildVignettes -> texi2pdf -> texi2dvi
Execution halted
Flavor: r-release-osx-x86_64-mavericks