Last updated on 2014-11-24 23:47:06.
Flavor | Version | Tinstall | Tcheck | Ttotal | Status | Flags |
---|---|---|---|---|---|---|
r-devel-linux-x86_64-debian-clang | 1.27.0 | 2.22 | 39.15 | 41.37 | NOTE | |
r-devel-linux-x86_64-debian-gcc | 1.27.0 | 1.93 | 38.02 | 39.95 | NOTE | |
r-devel-linux-x86_64-fedora-clang | 1.27.0 | 90.95 | NOTE | |||
r-devel-linux-x86_64-fedora-gcc | 1.27.0 | 83.63 | NOTE | |||
r-devel-osx-x86_64-clang | 1.27.0 | 74.17 | NOTE | |||
r-devel-windows-ix86+x86_64 | 1.27.0 | 9.00 | 67.00 | 76.00 | NOTE | |
r-patched-linux-x86_64 | 1.27.0 | 1.92 | 39.60 | 41.53 | NOTE | |
r-patched-solaris-sparc | 1.27.0 | 459.70 | NOTE | |||
r-patched-solaris-x86 | 1.27.0 | 108.90 | NOTE | |||
r-release-linux-ix86 | 1.27.0 | 2.53 | 48.06 | 50.59 | NOTE | |
r-release-linux-x86_64 | 1.27.0 | 1.90 | 39.50 | 41.40 | NOTE | |
r-release-osx-x86_64-mavericks | 1.27.0 | WARN | ||||
r-release-osx-x86_64-snowleopard | 1.27.0 | WARN | ||||
r-release-windows-ix86+x86_64 | 1.27.0 | 9.00 | 75.00 | 84.00 | NOTE | |
r-oldrel-windows-ix86+x86_64 | 1.27.0 | 9.00 | 76.00 | 85.00 | OK |
Version: 1.27.0
Check: R code for possible problems
Result: NOTE
plotMAhex: no visible global function definition for ‘maA’
plotMAhex: no visible global function definition for ‘maM’
plotMAhex: no visible global function definition for ‘maW’
plotMAhex: no visible global function definition for ‘MA.RG’
plotMAhex: no visible global function definition for ‘exprs’
Flavors: r-devel-linux-x86_64-debian-clang, r-devel-linux-x86_64-debian-gcc, r-devel-linux-x86_64-fedora-clang, r-devel-linux-x86_64-fedora-gcc, r-devel-osx-x86_64-clang, r-devel-windows-ix86+x86_64, r-patched-linux-x86_64, r-patched-solaris-sparc, r-patched-solaris-x86, r-release-linux-ix86, r-release-linux-x86_64, r-release-windows-ix86+x86_64
Version: 1.27.0
Check: package dependencies
Result: NOTE
Package suggested but not available for checking: ‘marray’
Flavors: r-release-osx-x86_64-mavericks, r-release-osx-x86_64-snowleopard
Version: 1.27.0
Check: R code for possible problems
Result: NOTE
plotMAhex: no visible global function definition for ‘maA’
plotMAhex: no visible global function definition for ‘maM’
plotMAhex: no visible global function definition for ‘maW’
plotMAhex: no visible global function definition for ‘MA.RG’
Flavors: r-release-osx-x86_64-mavericks, r-release-osx-x86_64-snowleopard
Version: 1.27.0
Check: running R code from vignettes
Result: WARN
Errors in running code in vignettes:
when running code in ‘hexagon_binning.Rnw’
...
> hdiffplot(erode(hbF, cdfcut = 0.25), erode(hbM, cdfcut = 0.25),
+ unzoom = 1.3)
Warning in if (nchar(main) > 0) grid.text(main, y = unit(1, "npc") + unit(1.5, :
the condition has length > 1 and only the first element will be used
> library("marray")
When sourcing ‘hexagon_binning.R’:
Error: there is no package called ‘marray’
Execution halted
Flavors: r-release-osx-x86_64-mavericks, r-release-osx-x86_64-snowleopard
Version: 1.27.0
Check: re-building of vignette outputs
Result: NOTE
Error in re-building vignettes:
...
Warning in if (nchar(main) > 0) grid.text(main, y = unit(1, "npc") + unit(1.5, :
the condition has length > 1 and only the first element will be used
Error: processing vignette 'hexagon_binning.Rnw' failed with diagnostics:
chunk 9 (label = marray1)
Error in library("marray") : there is no package called ‘marray’
Execution halted
Flavors: r-release-osx-x86_64-mavericks, r-release-osx-x86_64-snowleopard