Last updated on 2014-11-24 23:47:06.
Flavor | Version | Tinstall | Tcheck | Ttotal | Status | Flags |
---|---|---|---|---|---|---|
r-devel-linux-x86_64-debian-clang | 2.4 | 1.18 | 21.46 | 22.64 | NOTE | |
r-devel-linux-x86_64-debian-gcc | 2.4 | 1.10 | 20.73 | 21.83 | NOTE | |
r-devel-linux-x86_64-fedora-clang | 2.4 | 46.05 | NOTE | |||
r-devel-linux-x86_64-fedora-gcc | 2.4 | 43.93 | NOTE | |||
r-devel-osx-x86_64-clang | 2.4 | 44.33 | NOTE | |||
r-devel-windows-ix86+x86_64 | 2.4 | 4.00 | 34.00 | 38.00 | NOTE | |
r-patched-linux-x86_64 | 2.4 | 1.18 | 22.23 | 23.41 | NOTE | |
r-patched-solaris-sparc | 2.4 | 274.80 | NOTE | |||
r-patched-solaris-x86 | 2.4 | 60.20 | NOTE | |||
r-release-linux-ix86 | 2.4 | 1.50 | 28.89 | 30.39 | NOTE | |
r-release-linux-x86_64 | 2.4 | 1.33 | 22.16 | 23.49 | NOTE | |
r-release-osx-x86_64-mavericks | 2.4 | NOTE | ||||
r-release-osx-x86_64-snowleopard | 2.4 | NOTE | ||||
r-release-windows-ix86+x86_64 | 2.4 | 4.00 | 33.00 | 37.00 | NOTE | |
r-oldrel-windows-ix86+x86_64 | 2.4 | 3.00 | 30.00 | 33.00 | NOTE |
Version: 2.4
Check: top-level files
Result: NOTE
Non-standard file/directory found at top level:
‘beta’
Flavors: r-devel-linux-x86_64-debian-clang, r-devel-linux-x86_64-debian-gcc, r-devel-linux-x86_64-fedora-clang, r-devel-linux-x86_64-fedora-gcc, r-patched-linux-x86_64, r-release-linux-x86_64
Version: 2.4
Check: dependencies in R code
Result: NOTE
Package in Depends field not imported from: ‘methods’
These packages need to be imported from (in the NAMESPACE file)
for when this namespace is loaded but not attached.
See the information on DESCRIPTION files in the chapter ‘Creating R
packages’ of the ‘Writing R Extensions’ manual.
Flavors: r-devel-linux-x86_64-debian-clang, r-devel-linux-x86_64-debian-gcc, r-devel-linux-x86_64-fedora-clang, r-devel-linux-x86_64-fedora-gcc, r-devel-osx-x86_64-clang, r-devel-windows-ix86+x86_64, r-patched-linux-x86_64, r-patched-solaris-sparc, r-patched-solaris-x86, r-release-linux-ix86, r-release-linux-x86_64, r-release-osx-x86_64-mavericks, r-release-windows-ix86+x86_64, r-oldrel-windows-ix86+x86_64
Version: 2.4
Check: R code for possible problems
Result: NOTE
summary,ipdlme: warning in pt(abs(stat), df = object@df, lower =
FALSE): partial argument match of ‘lower’ to ‘lower.tail’
Flavors: r-devel-linux-x86_64-debian-clang, r-devel-linux-x86_64-debian-gcc, r-devel-linux-x86_64-fedora-clang, r-devel-linux-x86_64-fedora-gcc, r-devel-osx-x86_64-clang, r-devel-windows-ix86+x86_64, r-patched-linux-x86_64, r-patched-solaris-sparc, r-patched-solaris-x86, r-release-linux-ix86, r-release-linux-x86_64, r-release-osx-x86_64-mavericks, r-release-osx-x86_64-snowleopard, r-release-windows-ix86+x86_64, r-oldrel-windows-ix86+x86_64
Version: 2.4
Check: dependencies in R code
Result: NOTE
Package in Depends field not imported from: 'methods'
These packages need to be imported from for the case when
this namespace is loaded but not attached.
See the information on DESCRIPTION files in the chapter 'Creating R
packages' of the 'Writing R Extensions' manual.
Flavor: r-release-osx-x86_64-snowleopard