Last updated on 2014-11-24 23:47:07.
Flavor | Version | Tinstall | Tcheck | Ttotal | Status | Flags |
---|---|---|---|---|---|---|
r-devel-linux-x86_64-debian-clang | 0.4-6 | 4.72 | 62.05 | 66.77 | NOTE | |
r-devel-linux-x86_64-debian-gcc | 0.4-6 | 5.70 | 61.50 | 67.19 | NOTE | |
r-devel-linux-x86_64-fedora-clang | 0.4-6 | 144.44 | NOTE | |||
r-devel-linux-x86_64-fedora-gcc | 0.4-6 | 138.69 | NOTE | |||
r-devel-osx-x86_64-clang | 0.4-6 | 122.91 | OK | |||
r-devel-windows-ix86+x86_64 | 0.4-6 | 23.00 | 134.00 | 157.00 | OK | |
r-patched-linux-x86_64 | 0.4-6 | 4.97 | 65.89 | 70.86 | NOTE | |
r-patched-solaris-sparc | 0.4-6 | 859.60 | OK | |||
r-patched-solaris-x86 | 0.4-6 | 188.40 | OK | |||
r-release-linux-ix86 | 0.4-6 | 6.10 | 74.39 | 80.49 | OK | |
r-release-linux-x86_64 | 0.4-6 | 4.78 | 63.16 | 67.94 | NOTE | |
r-release-osx-x86_64-mavericks | 0.4-6 | OK | ||||
r-release-osx-x86_64-snowleopard | 0.4-6 | WARN | ||||
r-release-windows-ix86+x86_64 | 0.4-6 | 22.00 | 201.00 | 223.00 | OK | |
r-oldrel-windows-ix86+x86_64 | 0.4-6 | 21.00 | 159.00 | 180.00 | OK |
Version: 0.4-6
Check: top-level files
Result: NOTE
Non-standard file/directory found at top level:
‘kappalab-Ex.R’
Flavors: r-devel-linux-x86_64-debian-clang, r-devel-linux-x86_64-debian-gcc, r-devel-linux-x86_64-fedora-clang, r-devel-linux-x86_64-fedora-gcc, r-patched-linux-x86_64, r-release-linux-x86_64
Version: 0.4-6
Check: Rd line widths
Result: NOTE
Rd file 'mini.dist.capa.ident.Rd':
\examples lines wider than 100 characters:
min.dist <- mini.dist.capa.ident(a.mu,2,"binary.alternatives",A.Choquet.preorder = Acp)
These lines will be truncated in the PDF manual.
Flavors: r-devel-linux-x86_64-debian-clang, r-devel-linux-x86_64-debian-gcc, r-devel-linux-x86_64-fedora-clang, r-devel-linux-x86_64-fedora-gcc, r-patched-linux-x86_64, r-release-linux-x86_64
Version: 0.4-6
Check: examples
Result: WARN
checking a package with encoding 'latin1' in an ASCII locale
OK
Flavor: r-release-osx-x86_64-snowleopard