Last updated on 2014-11-24 23:47:07.
Flavor | Version | Tinstall | Tcheck | Ttotal | Status | Flags |
---|---|---|---|---|---|---|
r-devel-linux-x86_64-debian-clang | 0.1.9 | 1.30 | 12.83 | 14.13 | OK | |
r-devel-linux-x86_64-debian-gcc | 0.1.9 | 1.63 | 12.94 | 14.56 | OK | |
r-devel-linux-x86_64-fedora-clang | 0.1.9 | 30.38 | OK | |||
r-devel-linux-x86_64-fedora-gcc | 0.1.9 | 27.67 | OK | |||
r-devel-osx-x86_64-clang | 0.1.9 | 31.17 | OK | |||
r-devel-windows-ix86+x86_64 | 0.1.9 | 6.00 | 29.00 | 35.00 | OK | |
r-patched-linux-x86_64 | 0.1.9 | 2.00 | 12.99 | 14.99 | OK | |
r-patched-solaris-sparc | 0.1.9 | 161.00 | WARN | |||
r-patched-solaris-x86 | 0.1.9 | 40.30 | OK | |||
r-release-linux-ix86 | 0.1.9 | 1.44 | 19.88 | 21.32 | OK | |
r-release-linux-x86_64 | 0.1.9 | 1.02 | 12.66 | 13.68 | OK | |
r-release-osx-x86_64-mavericks | 0.1.9 | NOTE | ||||
r-release-osx-x86_64-snowleopard | 0.1.9 | NOTE | ||||
r-release-windows-ix86+x86_64 | 0.1.9 | 6.00 | 27.00 | 33.00 | OK |
Version: 0.1.9
Check: package dependencies
Result: NOTE
Package suggested but not available for checking: ‘microbenchmark’
Flavor: r-patched-solaris-sparc
Version: 0.1.9
Check: running R code from vignettes
Result: WARN
Errors in running code in vignettes:
when running code in ‘benchmark.Rmd’
...
> knitr::opts_chunk$set(collapse = TRUE, comment = "#>")
> options(digits = 3)
> library(microbenchmark)
When sourcing ‘benchmark.R’:
Error: there is no package called ‘microbenchmark’
Execution halted
Flavor: r-patched-solaris-sparc
Version: 0.1.9
Check: re-building of vignette outputs
Result: NOTE
Error in re-building vignettes:
...
Quitting from lines 19-26 (benchmark.Rmd)
Error: processing vignette 'benchmark.Rmd' failed with diagnostics:
there is no package called 'microbenchmark'
Execution halted
Flavor: r-patched-solaris-sparc
Version: 0.1.9
Check: re-building of vignette outputs
Result: NOTE
Error in re-building vignettes:
...
Error: processing vignette 'benchmark.Rmd' failed with diagnostics:
pandoc version 1.12.3 or higher is required and was not found.
Execution halted
Flavors: r-release-osx-x86_64-mavericks, r-release-osx-x86_64-snowleopard