Last updated on 2014-11-24 23:47:07.
Flavor | Version | Tinstall | Tcheck | Ttotal | Status | Flags |
---|---|---|---|---|---|---|
r-devel-linux-x86_64-debian-clang | 1.5.5.1 | 5.05 | 33.65 | 38.70 | OK | |
r-devel-linux-x86_64-debian-gcc | 1.5.5.1 | 5.08 | 33.32 | 38.40 | OK | |
r-devel-linux-x86_64-fedora-clang | 1.5.5.1 | 73.34 | OK | |||
r-devel-linux-x86_64-fedora-gcc | 1.5.5.1 | 70.69 | OK | |||
r-devel-osx-x86_64-clang | 1.5.5.1 | 73.08 | OK | |||
r-devel-windows-ix86+x86_64 | 1.5.5.1 | 14.00 | 73.00 | 87.00 | OK | |
r-patched-linux-x86_64 | 1.5.5.1 | 5.15 | 33.38 | 38.53 | OK | |
r-patched-solaris-sparc | 1.5.5.1 | 355.10 | ERROR | |||
r-patched-solaris-x86 | 1.5.5.1 | 95.00 | OK | |||
r-release-linux-ix86 | 1.5.5.1 | 6.91 | 44.68 | 51.59 | OK | |
r-release-linux-x86_64 | 1.5.5.1 | 5.04 | 33.28 | 38.32 | OK | |
r-release-osx-x86_64-mavericks | 1.5.5.1 | OK | ||||
r-release-osx-x86_64-snowleopard | 1.5.5.1 | OK | ||||
r-release-windows-ix86+x86_64 | 1.5.5.1 | 17.00 | 78.00 | 95.00 | OK | |
r-oldrel-windows-ix86+x86_64 | 1.5.5.1 | 15.00 | 81.00 | 96.00 | OK |
Version: 1.5.5.1
Check: running R code from vignettes
Result: ERROR
Errors in running code in vignettes:
when running code in ‘limSolve.Rnw’
...
> ldei(E = E, F = F)$X
[1] 1.0 -0.4 -0.2
> lsei(E = E, F = F, A = diag(3), B = rep(0, 3), verbose = FALSE)$X
*** caught segfault ***
address 1800000, cause 'memory not mapped'
... incomplete output. Crash?
Flavor: r-patched-solaris-sparc