Last updated on 2014-11-24 23:47:08.
Flavor | Version | Tinstall | Tcheck | Ttotal | Status | Flags |
---|---|---|---|---|---|---|
r-devel-linux-x86_64-debian-clang | 0.73 | 1.08 | 17.08 | 18.16 | NOTE | |
r-devel-linux-x86_64-debian-gcc | 0.73 | 1.09 | 17.90 | 18.98 | NOTE | |
r-devel-linux-x86_64-fedora-clang | 0.73 | 37.84 | NOTE | |||
r-devel-linux-x86_64-fedora-gcc | 0.73 | 36.61 | NOTE | |||
r-devel-osx-x86_64-clang | 0.73 | 35.79 | NOTE | |||
r-devel-windows-ix86+x86_64 | 0.73 | 4.00 | 29.00 | 33.00 | NOTE | |
r-patched-linux-x86_64 | 0.73 | 1.16 | 17.07 | 18.24 | NOTE | |
r-patched-solaris-sparc | 0.73 | 190.60 | NOTE | |||
r-patched-solaris-x86 | 0.73 | 50.50 | NOTE | |||
r-release-linux-ix86 | 0.73 | 1.51 | 21.91 | 23.42 | NOTE | |
r-release-linux-x86_64 | 0.73 | 1.11 | 17.28 | 18.39 | NOTE | |
r-release-osx-x86_64-mavericks | 0.73 | NOTE | ||||
r-release-osx-x86_64-snowleopard | 0.73 | NOTE | ||||
r-release-windows-ix86+x86_64 | 0.73 | 4.00 | 31.00 | 35.00 | NOTE | |
r-oldrel-windows-ix86+x86_64 | 0.73 | 5.00 | 27.00 | 32.00 | NOTE |
Version: 0.73
Check: data for non-ASCII characters
Result: NOTE
Note: found 143 marked Latin-1 strings
Note: found 833 marked UTF-8 strings
Flavors: r-devel-linux-x86_64-debian-clang, r-devel-linux-x86_64-debian-gcc, r-devel-linux-x86_64-fedora-clang, r-devel-linux-x86_64-fedora-gcc, r-devel-osx-x86_64-clang, r-devel-windows-ix86+x86_64, r-patched-linux-x86_64, r-patched-solaris-sparc, r-patched-solaris-x86, r-release-linux-ix86, r-release-linux-x86_64, r-release-osx-x86_64-mavericks, r-release-osx-x86_64-snowleopard, r-release-windows-ix86+x86_64, r-oldrel-windows-ix86+x86_64