Last updated on 2014-11-24 23:47:08.
Flavor | Version | Tinstall | Tcheck | Ttotal | Status | Flags |
---|---|---|---|---|---|---|
r-devel-linux-x86_64-debian-clang | 1.3.3 | 3.93 | 43.36 | 47.28 | NOTE | |
r-devel-linux-x86_64-debian-gcc | 1.3.3 | 4.18 | 41.96 | 46.13 | NOTE | |
r-devel-linux-x86_64-fedora-clang | 1.3.3 | 102.83 | NOTE | |||
r-devel-linux-x86_64-fedora-gcc | 1.3.3 | 95.72 | NOTE | |||
r-devel-osx-x86_64-clang | 1.3.3 | 91.35 | NOTE | |||
r-devel-windows-ix86+x86_64 | 1.3.3 | 13.00 | 90.00 | 103.00 | NOTE | |
r-patched-linux-x86_64 | 1.3.3 | 4.10 | 45.22 | 49.32 | NOTE | |
r-patched-solaris-sparc | 1.3.3 | 560.20 | NOTE | |||
r-patched-solaris-x86 | 1.3.3 | 125.20 | NOTE | |||
r-release-linux-ix86 | 1.3.3 | 4.77 | 54.77 | 59.54 | NOTE | |
r-release-linux-x86_64 | 1.3.3 | 3.83 | 45.09 | 48.92 | NOTE | |
r-release-osx-x86_64-mavericks | 1.3.3 | NOTE | ||||
r-release-osx-x86_64-snowleopard | 1.3.3 | OK | ||||
r-release-windows-ix86+x86_64 | 1.3.3 | 13.00 | 94.00 | 107.00 | NOTE | |
r-oldrel-windows-ix86+x86_64 | 1.3.3 | 14.00 | 95.00 | 109.00 | NOTE |
Memtest notes: UBSAN-gcc UBSAN
Version: 1.3.3
Check: dependencies in R code
Result: NOTE
Missing or unexported object: ‘fts::dates.fts’
See the information on DESCRIPTION files in the chapter ‘Creating R
packages’ of the ‘Writing R Extensions’ manual.
Flavors: r-devel-linux-x86_64-debian-clang, r-devel-linux-x86_64-debian-gcc, r-devel-linux-x86_64-fedora-clang, r-devel-linux-x86_64-fedora-gcc, r-devel-osx-x86_64-clang, r-devel-windows-ix86+x86_64, r-patched-linux-x86_64, r-patched-solaris-sparc, r-patched-solaris-x86, r-release-linux-ix86, r-release-linux-x86_64, r-release-osx-x86_64-mavericks, r-release-windows-ix86+x86_64, r-oldrel-windows-ix86+x86_64