Last updated on 2014-11-24 23:47:08.
Flavor | Version | Tinstall | Tcheck | Ttotal | Status | Flags |
---|---|---|---|---|---|---|
r-devel-linux-x86_64-debian-clang | 0.1-0 | 0.84 | 20.63 | 21.47 | NOTE | |
r-devel-linux-x86_64-debian-gcc | 0.1-0 | 0.90 | 19.84 | 20.74 | NOTE | |
r-devel-linux-x86_64-fedora-clang | 0.1-0 | 46.26 | NOTE | |||
r-devel-linux-x86_64-fedora-gcc | 0.1-0 | 41.95 | NOTE | |||
r-devel-osx-x86_64-clang | 0.1-0 | 40.48 | NOTE | |||
r-devel-windows-ix86+x86_64 | 0.1-0 | 3.00 | 32.00 | 35.00 | NOTE | |
r-patched-linux-x86_64 | 0.1-0 | 1.08 | 21.16 | 22.24 | NOTE | |
r-patched-solaris-sparc | 0.1-0 | 261.50 | NOTE | |||
r-patched-solaris-x86 | 0.1-0 | 54.90 | NOTE | |||
r-release-linux-ix86 | 0.1-0 | 1.16 | 28.24 | 29.40 | NOTE | |
r-release-linux-x86_64 | 0.1-0 | 0.81 | 21.78 | 22.59 | NOTE | |
r-release-osx-x86_64-mavericks | 0.1-0 | OK | ||||
r-release-osx-x86_64-snowleopard | 0.1-0 | OK | ||||
r-release-windows-ix86+x86_64 | 0.1-0 | 3.00 | 34.00 | 37.00 | NOTE | |
r-oldrel-windows-ix86+x86_64 | 0.1-0 | 3.00 | 35.00 | 38.00 | OK |
Version: 0.1-0
Check: R code for possible problems
Result: NOTE
copas: no visible global function definition for ‘metabias’
copas: no visible global function definition for ‘metagen’
forest.orbbound: no visible global function definition for ‘metagen’
limitmeta: no visible global function definition for ‘metagen’
Flavors: r-devel-linux-x86_64-debian-clang, r-devel-linux-x86_64-debian-gcc, r-devel-linux-x86_64-fedora-clang, r-devel-linux-x86_64-fedora-gcc, r-devel-osx-x86_64-clang, r-devel-windows-ix86+x86_64, r-patched-linux-x86_64, r-patched-solaris-sparc, r-patched-solaris-x86, r-release-linux-ix86, r-release-linux-x86_64, r-release-windows-ix86+x86_64