CRAN Package Check Results for Package morse

Last updated on 2014-11-24 23:47:09.

Flavor Version Tinstall Tcheck Ttotal Status Flags
r-devel-linux-x86_64-debian-clang 1.0.2 1.16 20.42 21.58 NOTE
r-devel-linux-x86_64-debian-gcc 1.0.2 1.16 20.10 21.26 NOTE
r-devel-linux-x86_64-fedora-clang 1.0.2 45.64 NOTE
r-devel-linux-x86_64-fedora-gcc 1.0.2 40.83 NOTE
r-devel-osx-x86_64-clang 1.0.2 41.32 NOTE
r-devel-windows-ix86+x86_64 1.0.2 4.00 31.00 35.00 NOTE
r-patched-linux-x86_64 1.0.2 1.21 19.96 21.16 NOTE
r-patched-solaris-sparc 1.0.2 245.90 NOTE
r-patched-solaris-x86 1.0.2 59.40 NOTE
r-release-linux-ix86 1.0.2 1.63 26.84 28.47 NOTE
r-release-linux-x86_64 1.0.2 1.29 20.57 21.86 NOTE
r-release-osx-x86_64-mavericks 1.0.2 NOTE
r-release-osx-x86_64-snowleopard 1.0.2 OK
r-release-windows-ix86+x86_64 1.0.2 4.00 31.00 35.00 NOTE
r-oldrel-windows-ix86+x86_64 1.0.2 4.00 33.00 37.00 OK

Check Details

Version: 1.0.2
Check: R code for possible problems
Result: NOTE
    .repro.DIC: no visible global function definition for ‘dic.samples’
    .repro.fullsurvplot.gg: no visible global function definition for
     ‘ggplot’
    .repro.fullsurvplot.gg: no visible global function definition for ‘aes’
    .repro.fullsurvplot.gg: no visible global function definition for
     ‘geom_point’
    .repro.fullsurvplot.gg: no visible global function definition for
     ‘geom_line’
    .repro.fullsurvplot.gg: no visible global function definition for
     ‘labs’
    .repro.fullsurvplot.gg: no visible global function definition for
     ‘facet_wrap’
    .repro.fullsurvplot.gg: no visible global function definition for
     ‘scale_x_continuous’
    .repro.fullsurvplot.gg: no visible global function definition for
     ‘scale_colour_hue’
    .repro.fullsurvplot.gg: no visible global function definition for
     ‘theme’
    .repro.fullsurvplot.l: no visible global function definition for
     ‘xyplot’
    .repro.ggplotfit.legend: no visible global function definition for
     ‘ggplot_gtable’
    .repro.ggplotfit.legend: no visible global function definition for
     ‘ggplot_build’
    .repro.load.model: no visible global function definition for
     ‘jags.model’
    .repro.load.model.par: no visible global function definition for
     ‘parJagsModel’
    .repro.model.sampling.parameters: no visible global function definition
     for ‘coda.samples’
    .repro.model.sampling.parameters: no visible global function definition
     for ‘raftery.diag’
    .repro.model.sampling.parameters.par: no visible global function
     definition for ‘parCodaSamples’
    .repro.model.sampling.parameters.par: no visible global function
     definition for ‘raftery.diag’
    plot.repro.fit: no visible global function definition for ‘ggplot’
    plot.repro.fit: no visible global function definition for ‘geom_point’
    plot.repro.fit: no visible global function definition for ‘aes’
    plot.repro.fit: no visible global function definition for
     ‘scale_color_manual’
    plot.repro.fit: no visible global function definition for ‘geom_line’
    plot.repro.fit: no visible global function definition for
     ‘scale_color_discrete’
    plot.repro.fit: no visible global function definition for ‘labs’
    plot.repro.fit: no visible global function definition for
     ‘scale_x_log10’
    plot.repro.fit: no visible global function definition for
     ‘scale_x_continuous’
    plot.repro.fit: no visible global function definition for
     ‘grid.arrange’
    plot.repro.fit: no visible global function definition for ‘arrangeGrob’
    repro.convergence: no visible global function definition for
     ‘gelman.diag’
    repro.convergence: no visible global function definition for
     ‘autocorr.plot’
    repro.convergence: no visible global function definition for ‘ggs’
    repro.convergence: no visible global function definition for
     ‘ggs_traceplot’
    repro.convergence: no visible global function definition for
     ‘ggs_density’
    repro.convergence: no visible global function definition for
     ‘ggs_autocorrelation’
    repro.convergence: no visible global function definition for
     ‘grid.rect’
    repro.convergence: no visible global function definition for ‘gpar’
    repro.convergence: no visible binding for global variable
     ‘grid.arrange’
    repro.cumulplot: no visible global function definition for ‘ggplot’
    repro.cumulplot: no visible global function definition for ‘aes’
    repro.cumulplot: no visible global function definition for ‘geom_point’
    repro.cumulplot: no visible global function definition for ‘labs’
    repro.cumulplot: no visible global function definition for
     ‘scale_x_log10’
    repro.cumulplot: no visible global function definition for
     ‘scale_colour_hue’
    repro.cumulplot: no visible global function definition for ‘theme’
    repro.cumulplot: no visible global function definition for
     ‘scale_x_continuous’
    repro.fit: no visible global function definition for ‘coda.samples’
    repro.parfit: no visible global function definition for
     ‘makePSOCKcluster’
    repro.parfit: no visible global function definition for ‘jags.model’
    repro.parfit: no visible global function definition for
     ‘parCodaSamples’
    repro.parfit: no visible global function definition for ‘stopCluster’
    repro.survplot: no visible global function definition for ‘ggplot’
    repro.survplot: no visible global function definition for ‘aes’
    repro.survplot: no visible global function definition for ‘stat_sum’
    repro.survplot: no visible global function definition for ‘labs’
    repro.survplot: no visible global function definition for
     ‘scale_x_log10’
    repro.survplot: no visible global function definition for ‘theme’
    repro.survplot: no visible global function definition for
     ‘element_blank’
    repro.survplot: no visible global function definition for
     ‘scale_x_continuous’
Flavors: r-devel-linux-x86_64-debian-clang, r-devel-linux-x86_64-debian-gcc, r-devel-linux-x86_64-fedora-clang, r-devel-linux-x86_64-fedora-gcc, r-devel-osx-x86_64-clang, r-devel-windows-ix86+x86_64, r-patched-linux-x86_64, r-patched-solaris-sparc, r-patched-solaris-x86, r-release-linux-ix86, r-release-linux-x86_64, r-release-windows-ix86+x86_64

Version: 1.0.2
Check: package dependencies
Result: NOTE
    Package suggested but not available for checking: ‘rjags’
Flavor: r-release-osx-x86_64-mavericks

Version: 1.0.2
Check: R code for possible problems
Result: NOTE
    .repro.DIC: no visible global function definition for ‘dic.samples’
    .repro.load.model: no visible global function definition for
     ‘jags.model’
    .repro.model.sampling.parameters: no visible global function definition
     for ‘coda.samples’
    repro.fit: no visible global function definition for ‘coda.samples’
    repro.parfit: no visible global function definition for ‘jags.model’
Flavor: r-release-osx-x86_64-mavericks

Version: 1.0.2
Check: Rd cross-references
Result: NOTE
    Package unavailable to check Rd xrefs: ‘rjags’
Flavor: r-release-osx-x86_64-mavericks