Last updated on 2014-11-24 23:47:09.
Flavor | Version | Tinstall | Tcheck | Ttotal | Status | Flags |
---|---|---|---|---|---|---|
r-devel-linux-x86_64-debian-clang | 1.4 | 6.15 | 199.45 | 205.60 | NOTE | |
r-devel-linux-x86_64-debian-gcc | 1.4 | 7.16 | 190.66 | 197.83 | NOTE | |
r-devel-linux-x86_64-fedora-clang | 1.4 | 444.32 | NOTE | |||
r-devel-linux-x86_64-fedora-gcc | 1.4 | 406.94 | NOTE | |||
r-devel-osx-x86_64-clang | 1.4 | 367.64 | NOTE | |||
r-devel-windows-ix86+x86_64 | 1.4 | 21.00 | 438.00 | 459.00 | NOTE | |
r-patched-linux-x86_64 | 1.4 | 8.12 | 208.27 | 216.39 | NOTE | |
r-patched-solaris-sparc | 1.4 | 2976.80 | NOTE | |||
r-patched-solaris-x86 | 1.4 | 549.20 | NOTE | |||
r-release-linux-ix86 | 1.4 | 8.90 | 234.56 | 243.46 | NOTE | |
r-release-linux-x86_64 | 1.4 | 7.36 | 202.12 | 209.48 | NOTE | |
r-release-osx-x86_64-mavericks | 1.4 | OK | ||||
r-release-osx-x86_64-snowleopard | 1.4 | OK | ||||
r-release-windows-ix86+x86_64 | 1.4 | 23.00 | 486.00 | 509.00 | NOTE | |
r-oldrel-windows-ix86+x86_64 | 1.4 | 19.00 | 520.00 | 539.00 | OK |
Memtest notes: UBSAN-gcc valgrind
Version: 1.4
Check: R code for possible problems
Result: NOTE
boot.msm: no visible global function definition for ‘makeCluster’
boot.msm: no visible global function definition for
‘registerDoParallel’
boot.msm: no visible global function definition for ‘%dopar%’
boot.msm: no visible global function definition for ‘foreach’
boot.msm: no visible global function definition for ‘stopCluster’
deriv.test: no visible global function definition for ‘grad’
drlcv.msm: no visible global function definition for ‘makeCluster’
drlcv.msm: no visible global function definition for
‘registerDoParallel’
drlcv.msm: no visible global function definition for ‘%dopar%’
drlcv.msm: no visible global function definition for ‘foreach’
Flavors: r-devel-linux-x86_64-debian-clang, r-devel-linux-x86_64-debian-gcc, r-devel-linux-x86_64-fedora-clang, r-devel-linux-x86_64-fedora-gcc, r-devel-osx-x86_64-clang, r-devel-windows-ix86+x86_64, r-patched-linux-x86_64, r-patched-solaris-sparc, r-patched-solaris-x86, r-release-linux-ix86, r-release-linux-x86_64, r-release-windows-ix86+x86_64