Last updated on 2014-11-24 23:47:10.
Flavor | Version | Tinstall | Tcheck | Ttotal | Status | Flags |
---|---|---|---|---|---|---|
r-devel-linux-x86_64-debian-clang | 0.2.1 | 8.42 | 48.86 | 57.28 | WARN | |
r-devel-linux-x86_64-debian-gcc | 0.2.1 | 8.59 | 50.45 | 59.04 | WARN | |
r-devel-linux-x86_64-fedora-clang | 0.2.1 | 141.75 | WARN | |||
r-devel-linux-x86_64-fedora-gcc | 0.2.1 | 125.66 | WARN | |||
r-devel-osx-x86_64-clang | 0.2.1 | 111.76 | WARN | |||
r-devel-windows-ix86+x86_64 | 0.2.1 | 42.00 | 88.00 | 130.00 | WARN | |
r-patched-linux-x86_64 | 0.2.1 | 9.02 | 48.94 | 57.96 | WARN | |
r-patched-solaris-sparc | 0.2.1 | 690.70 | OK | |||
r-patched-solaris-x86 | 0.2.1 | 174.70 | OK | |||
r-release-linux-ix86 | 0.2.1 | 11.64 | 60.25 | 71.89 | WARN | |
r-release-linux-x86_64 | 0.2.1 | 9.02 | 51.24 | 60.27 | WARN | |
r-release-osx-x86_64-mavericks | 0.2.1 | OK | ||||
r-release-osx-x86_64-snowleopard | 0.2.1 | OK | ||||
r-release-windows-ix86+x86_64 | 0.2.1 | 47.00 | 99.00 | 146.00 | WARN | |
r-oldrel-windows-ix86+x86_64 | 0.2.1 | 44.00 | 97.00 | 141.00 | OK |
Version: 0.2.1
Check: whether package can be installed
Result: WARN
Found the following significant warnings:
kd_dump.cpp:446:1: warning: control may reach end of non-void function [-Wreturn-type]
Found the following additional warnings:
kd_dump.cpp:446:1: warning: control may reach end of non-void function [-Wreturn-type]
Flavors: r-devel-linux-x86_64-debian-clang, r-devel-linux-x86_64-fedora-clang, r-devel-osx-x86_64-clang
Version: 0.2.1
Check: whether package can be installed
Result: WARN
Found the following significant warnings:
kd_dump.cpp:446:1: warning: control reaches end of non-void function [-Wreturn-type]
Flavors: r-devel-linux-x86_64-debian-gcc, r-devel-linux-x86_64-fedora-gcc, r-devel-windows-ix86+x86_64, r-patched-linux-x86_64, r-release-linux-ix86, r-release-linux-x86_64, r-release-windows-ix86+x86_64