Last updated on 2014-11-24 23:47:10.
Flavor | Version | Tinstall | Tcheck | Ttotal | Status | Flags |
---|---|---|---|---|---|---|
r-devel-linux-x86_64-debian-clang | 1.9-15 | 1.79 | 28.74 | 30.52 | OK | |
r-devel-linux-x86_64-debian-gcc | 1.9-15 | 1.87 | 29.67 | 31.54 | OK | |
r-devel-linux-x86_64-fedora-clang | 1.9-15 | 62.87 | OK | |||
r-devel-linux-x86_64-fedora-gcc | 1.9-15 | 60.51 | OK | |||
r-devel-osx-x86_64-clang | 1.9-15 | 69.53 | OK | |||
r-devel-windows-ix86+x86_64 | 1.9-15 | 9.00 | 61.00 | 70.00 | OK | |
r-patched-linux-x86_64 | 1.9-15 | 1.90 | 29.44 | 31.34 | OK | |
r-patched-solaris-sparc | 1.9-15 | 367.90 | OK | |||
r-patched-solaris-x86 | 1.9-15 | 77.50 | OK | |||
r-release-linux-ix86 | 1.9-15 | 2.57 | 39.38 | 41.94 | OK | |
r-release-linux-x86_64 | 1.9-15 | 1.88 | 29.52 | 31.40 | OK | |
r-release-osx-x86_64-mavericks | 1.9-15 | NOTE | ||||
r-release-osx-x86_64-snowleopard | 1.9-15 | NOTE | ||||
r-release-windows-ix86+x86_64 | 1.9-15 | 10.00 | 64.00 | 74.00 | OK | |
r-oldrel-windows-ix86+x86_64 | 1.9-15 | 10.00 | 69.00 | 79.00 | OK |
Version: 1.9-15
Check: re-building of vignette outputs
Result: NOTE
Error in re-building vignettes:
...
Loading required package: partitions
Error in texi2dvi(file = file, pdf = TRUE, clean = clean, quiet = quiet, :
Running 'texi2dvi' on 'partitionspaper.tex' failed.
LaTeX errors:
! LaTeX Error: File `dsfont.sty' not found.
Type X to quit or <RETURN> to proceed,
or enter new name. (Default extension: sty)
ign_test/partitions/vignettes/partitionspaper.tex:4: ==> Fatal error occurred,
no output PDF file produced!
Calls: buildVignettes -> texi2pdf -> texi2dvi
Execution halted
Flavor: r-release-osx-x86_64-mavericks
Version: 1.9-15
Check: re-building of vignette outputs
Result: NOTE
Error in re-building vignettes:
...
Loading required package: partitions
Error in texi2dvi(file = file, pdf = TRUE, clean = clean, quiet = quiet, :
Running 'texi2dvi' on 'partitionspaper.tex' failed.
LaTeX errors:
! LaTeX Error: File `dsfont.sty' not found.
Type X to quit or <RETURN> to proceed,
or enter new name. (Default extension: sty)
Calls: buildVignettes -> texi2pdf -> texi2dvi
Execution halted
Flavor: r-release-osx-x86_64-snowleopard