Last updated on 2014-11-24 23:47:10.
Flavor | Version | Tinstall | Tcheck | Ttotal | Status | Flags |
---|---|---|---|---|---|---|
r-devel-linux-x86_64-debian-clang | 0.2-3 | 4.03 | 30.26 | 34.30 | OK | |
r-devel-linux-x86_64-debian-gcc | 0.2-3 | 4.20 | 29.73 | 33.93 | OK | |
r-devel-linux-x86_64-fedora-clang | 0.2-3 | 70.56 | OK | |||
r-devel-linux-x86_64-fedora-gcc | 0.2-3 | 67.87 | OK | |||
r-devel-osx-x86_64-clang | 0.2-3 | 68.36 | OK | |||
r-devel-windows-ix86+x86_64 | 0.2-3 | 11.00 | 63.00 | 74.00 | OK | |
r-patched-linux-x86_64 | 0.2-3 | 4.19 | 30.52 | 34.71 | OK | |
r-patched-solaris-sparc | 0.2-3 | 361.40 | OK | |||
r-patched-solaris-x86 | 0.2-3 | 85.50 | OK | |||
r-release-linux-ix86 | 0.2-3 | 6.36 | 37.52 | 43.88 | OK | |
r-release-linux-x86_64 | 0.2-3 | 4.21 | 30.67 | 34.88 | OK | |
r-release-osx-x86_64-mavericks | 0.2-3 | ERROR | ||||
r-release-osx-x86_64-snowleopard | 0.2-3 | OK | ||||
r-release-windows-ix86+x86_64 | 0.2-3 | 13.00 | 68.00 | 81.00 | OK | |
r-oldrel-windows-ix86+x86_64 | 0.2-3 | 13.00 | 65.00 | 78.00 | OK |
Version: 0.2-3
Check: whether package can be installed
Result: ERROR
Installation failed.
Flavor: r-release-osx-x86_64-mavericks