Last updated on 2014-11-24 23:47:11.
Flavor | Version | Tinstall | Tcheck | Ttotal | Status | Flags |
---|---|---|---|---|---|---|
r-devel-linux-x86_64-debian-clang | 2.4-3 | 1.16 | 20.00 | 21.16 | NOTE | |
r-devel-linux-x86_64-debian-gcc | 2.4-3 | 1.26 | 19.65 | 20.92 | NOTE | |
r-devel-linux-x86_64-fedora-clang | 2.4-3 | 43.27 | NOTE | |||
r-devel-linux-x86_64-fedora-gcc | 2.4-3 | 40.38 | NOTE | |||
r-devel-osx-x86_64-clang | 2.4-3 | 41.39 | NOTE | |||
r-devel-windows-ix86+x86_64 | 2.4-3 | 4.00 | 26.00 | 30.00 | NOTE | |
r-patched-linux-x86_64 | 2.4-3 | 1.11 | 20.02 | 21.12 | NOTE | |
r-patched-solaris-sparc | 2.4-3 | 237.00 | NOTE | |||
r-patched-solaris-x86 | 2.4-3 | 53.60 | NOTE | |||
r-release-linux-ix86 | 2.4-3 | 1.57 | 25.91 | 27.48 | NOTE | |
r-release-linux-x86_64 | 2.4-3 | 1.22 | 20.28 | 21.49 | NOTE | |
r-release-osx-x86_64-mavericks | 2.4-3 | NOTE | ||||
r-release-windows-ix86+x86_64 | 2.4-3 | 4.00 | 31.00 | 35.00 | NOTE | |
r-oldrel-windows-ix86+x86_64 | 2.4-3 | 4.00 | 30.00 | 34.00 | OK |
Version: 2.4-3
Check: R code for possible problems
Result: NOTE
lapplyFunc: no visible global function definition for ‘mclapply’
lapplyFunc: no visible global function definition for ‘parLapply’
lapplyFunc: no visible global function definition for ‘stopCluster’
Flavors: r-devel-linux-x86_64-debian-clang, r-devel-linux-x86_64-debian-gcc, r-devel-linux-x86_64-fedora-clang, r-devel-linux-x86_64-fedora-gcc, r-devel-osx-x86_64-clang, r-devel-windows-ix86+x86_64, r-patched-linux-x86_64, r-patched-solaris-sparc, r-patched-solaris-x86, r-release-linux-ix86, r-release-linux-x86_64, r-release-windows-ix86+x86_64
Version: 2.4-3
Check: package dependencies
Result: NOTE
Package suggested but not available for checking: ‘Rmpi’
Flavor: r-release-osx-x86_64-mavericks