Last updated on 2014-11-24 23:47:11.
Flavor | Version | Tinstall | Tcheck | Ttotal | Status | Flags |
---|---|---|---|---|---|---|
r-devel-linux-x86_64-debian-clang | 0.5-1 | 4.79 | 53.94 | 58.73 | OK | |
r-devel-linux-x86_64-debian-gcc | 0.5-1 | 4.96 | 52.46 | 57.42 | OK | |
r-devel-linux-x86_64-fedora-clang | 0.5-1 | 145.62 | OK | |||
r-devel-linux-x86_64-fedora-gcc | 0.5-1 | 134.66 | OK | |||
r-devel-osx-x86_64-clang | 0.5-1 | 112.63 | OK | |||
r-devel-windows-ix86+x86_64 | 0.5-1 | 14.00 | 104.00 | 118.00 | NOTE | |
r-patched-linux-x86_64 | 0.5-1 | 4.74 | 57.60 | 62.34 | OK | |
r-patched-solaris-sparc | 0.5-1 | 705.70 | OK | |||
r-patched-solaris-x86 | 0.5-1 | 182.20 | OK | |||
r-release-linux-ix86 | 0.5-1 | 5.72 | 64.96 | 70.68 | OK | |
r-release-linux-x86_64 | 0.5-1 | 4.86 | 57.86 | 62.72 | OK | |
r-release-osx-x86_64-mavericks | 0.5-1 | NOTE | ||||
r-release-osx-x86_64-snowleopard | 0.5-1 | OK | ||||
r-release-windows-ix86+x86_64 | 0.5-1 | 15.00 | 113.00 | 128.00 | OK | |
r-oldrel-windows-ix86+x86_64 | 0.5-1 | 14.00 | 111.00 | 125.00 | OK |
Version: 0.5-1
Check: package dependencies
Result: NOTE
Package suggested but not available for checking: 'gpclib'
Flavor: r-devel-windows-ix86+x86_64
Version: 0.5-1
Check: Rd cross-references
Result: NOTE
Package unavailable to check Rd xrefs: 'gpclib'
Flavor: r-devel-windows-ix86+x86_64
Version: 0.5-1
Check: package dependencies
Result: NOTE
Package suggested but not available for checking: ‘rgeos’
Flavor: r-release-osx-x86_64-mavericks
Version: 0.5-1
Check: Rd cross-references
Result: NOTE
Package unavailable to check Rd xrefs: ‘rgeos’
Flavor: r-release-osx-x86_64-mavericks