Last updated on 2014-11-24 23:47:11.
Flavor | Version | Tinstall | Tcheck | Ttotal | Status | Flags |
---|---|---|---|---|---|---|
r-devel-linux-x86_64-debian-clang | 0.7-8 | 0.60 | 13.88 | 14.49 | NOTE | |
r-devel-linux-x86_64-debian-gcc | 0.7-8 | 0.66 | 13.57 | 14.23 | NOTE | |
r-devel-linux-x86_64-fedora-clang | 0.7-8 | 31.13 | NOTE | |||
r-devel-linux-x86_64-fedora-gcc | 0.7-8 | 28.28 | NOTE | |||
r-devel-osx-x86_64-clang | 0.7-8 | 29.99 | NOTE | |||
r-devel-windows-ix86+x86_64 | 0.7-8 | 2.00 | 24.00 | 26.00 | NOTE | |
r-patched-linux-x86_64 | 0.7-8 | 0.61 | 14.02 | 14.63 | NOTE | |
r-patched-solaris-sparc | 0.7-8 | 163.50 | NOTE | |||
r-patched-solaris-x86 | 0.7-8 | 39.40 | NOTE | |||
r-release-linux-ix86 | 0.7-8 | 0.90 | 20.12 | 21.02 | NOTE | |
r-release-linux-x86_64 | 0.7-8 | 0.64 | 14.61 | 15.25 | NOTE | |
r-release-osx-x86_64-mavericks | 0.7-8 | NOTE | ||||
r-release-windows-ix86+x86_64 | 0.7-8 | 3.00 | 23.00 | 26.00 | NOTE | |
r-oldrel-windows-ix86+x86_64 | 0.7-8 | 3.00 | 23.00 | 26.00 | NOTE |
Version: 0.7-8
Check: dependencies in R code
Result: NOTE
Packages in Depends field not imported from:
‘mvtnorm’ ‘sfsmisc’
These packages need to be imported from (in the NAMESPACE file)
for when this namespace is loaded but not attached.
See the information on DESCRIPTION files in the chapter ‘Creating R
packages’ of the ‘Writing R Extensions’ manual.
Flavors: r-devel-linux-x86_64-debian-clang, r-devel-linux-x86_64-debian-gcc, r-devel-linux-x86_64-fedora-clang, r-devel-linux-x86_64-fedora-gcc, r-devel-osx-x86_64-clang, r-devel-windows-ix86+x86_64, r-patched-linux-x86_64, r-patched-solaris-sparc, r-patched-solaris-x86, r-release-linux-ix86, r-release-linux-x86_64, r-release-osx-x86_64-mavericks, r-release-windows-ix86+x86_64, r-oldrel-windows-ix86+x86_64
Version: 0.7-8
Check: R code for possible problems
Result: NOTE
binBvn: no visible global function definition for ‘pmvnorm’
hetcor.data.frame: no visible global function definition for ‘nearcor’
Flavors: r-devel-linux-x86_64-debian-clang, r-devel-linux-x86_64-debian-gcc, r-devel-linux-x86_64-fedora-clang, r-devel-linux-x86_64-fedora-gcc, r-devel-osx-x86_64-clang, r-devel-windows-ix86+x86_64, r-patched-linux-x86_64, r-patched-solaris-sparc, r-patched-solaris-x86, r-release-linux-ix86, r-release-linux-x86_64, r-release-windows-ix86+x86_64