Last updated on 2014-11-24 23:47:12.
Flavor | Version | Tinstall | Tcheck | Ttotal | Status | Flags |
---|---|---|---|---|---|---|
r-devel-linux-x86_64-debian-clang | 1.0-16 | 1.73 | 9.50 | 11.23 | NOTE | |
r-devel-linux-x86_64-debian-gcc | 1.0-16 | 1.76 | 9.44 | 11.20 | NOTE | |
r-devel-linux-x86_64-fedora-clang | 1.0-16 | 22.66 | NOTE | |||
r-devel-linux-x86_64-fedora-gcc | 1.0-16 | 21.80 | NOTE | |||
r-devel-osx-x86_64-clang | 1.0-16 | 24.42 | OK | |||
r-devel-windows-ix86+x86_64 | 1.0-16 | 7.00 | 20.00 | 27.00 | OK | |
r-patched-linux-x86_64 | 1.0-16 | 1.72 | 9.66 | 11.38 | NOTE | |
r-patched-solaris-sparc | 1.0-16 | 120.40 | OK | |||
r-patched-solaris-x86 | 1.0-16 | 34.20 | OK | |||
r-release-linux-ix86 | 1.0-16 | 2.37 | 14.99 | 17.36 | OK | |
r-release-linux-x86_64 | 1.0-16 | 1.77 | 10.16 | 11.93 | NOTE | |
r-release-osx-x86_64-mavericks | 1.0-16 | OK | ||||
r-release-windows-ix86+x86_64 | 1.0-16 | 6.00 | 20.00 | 26.00 | OK | |
r-oldrel-windows-ix86+x86_64 | 1.0-16 | 7.00 | 34.00 | 41.00 | OK |
Version: 1.0-16
Check: top-level files
Result: NOTE
Non-standard file/directory found at top level:
‘orig’
Flavors: r-devel-linux-x86_64-debian-clang, r-devel-linux-x86_64-debian-gcc, r-devel-linux-x86_64-fedora-clang, r-devel-linux-x86_64-fedora-gcc, r-patched-linux-x86_64, r-release-linux-x86_64