Last updated on 2014-11-24 23:47:15.
Flavor | Version | Tinstall | Tcheck | Ttotal | Status | Flags |
---|---|---|---|---|---|---|
r-devel-linux-x86_64-debian-clang | 1.2.1-0 | 5.76 | 65.41 | 71.17 | OK | |
r-devel-linux-x86_64-debian-gcc | 1.2.1-0 | 5.72 | 67.01 | 72.73 | OK | |
r-devel-linux-x86_64-fedora-clang | 1.2.1-0 | 133.81 | OK | |||
r-devel-linux-x86_64-fedora-gcc | 1.2.1-0 | 121.93 | OK | |||
r-devel-osx-x86_64-clang | 1.2.1-0 | 120.82 | OK | |||
r-devel-windows-ix86+x86_64 | 1.2.1-0 | 25.00 | 181.00 | 206.00 | OK | |
r-patched-linux-x86_64 | 1.2.1-0 | 5.88 | 67.85 | 73.74 | OK | |
r-patched-solaris-sparc | 1.2.1-0 | 868.50 | OK | |||
r-patched-solaris-x86 | 1.2.1-0 | 220.10 | OK | |||
r-release-linux-ix86 | 1.2.1-0 | 8.36 | 81.61 | 89.98 | OK | |
r-release-linux-x86_64 | 1.2.1-0 | 5.77 | 66.60 | 72.37 | OK | |
r-release-osx-x86_64-mavericks | 1.2.1-0 | NOTE | ||||
r-release-osx-x86_64-snowleopard | 1.2.1-0 | OK | ||||
r-release-windows-ix86+x86_64 | 1.2.1-0 | 26.00 | 152.00 | 178.00 | OK | |
r-oldrel-windows-ix86+x86_64 | 1.2.1-0 | 24.00 | 156.00 | 180.00 | OK |
Version: 1.2.1-0
Check: package dependencies
Result: NOTE
Package suggested but not available for checking: ‘rjags’
Flavor: r-release-osx-x86_64-mavericks
Version: 1.2.1-0
Check: Rd cross-references
Result: NOTE
Package unavailable to check Rd xrefs: ‘rjags’
Flavor: r-release-osx-x86_64-mavericks