CRAN Package Check Results for Package saps

Last updated on 2014-11-24 23:47:15.

Flavor Version Tinstall Tcheck Ttotal Status Flags
r-devel-linux-x86_64-debian-clang 1.0.0 4.30 92.64 96.95 OK
r-devel-linux-x86_64-debian-gcc 1.0.0 3.98 90.12 94.10 OK
r-devel-linux-x86_64-fedora-clang 1.0.0 151.00 OK
r-devel-linux-x86_64-fedora-gcc 1.0.0 156.13 OK
r-devel-osx-x86_64-clang 1.0.0 175.39 OK
r-devel-windows-ix86+x86_64 1.0.0 16.00 165.00 181.00 OK
r-patched-linux-x86_64 1.0.0 4.14 96.88 101.02 OK
r-patched-solaris-sparc 1.0.0 1203.10 OK
r-patched-solaris-x86 1.0.0 245.00 OK
r-release-linux-ix86 1.0.0 5.15 111.39 116.54 OK
r-release-linux-x86_64 1.0.0 4.31 99.93 104.24 OK
r-release-osx-x86_64-mavericks 1.0.0 ERROR
r-release-osx-x86_64-snowleopard 1.0.0 ERROR
r-release-windows-ix86+x86_64 1.0.0 17.00 163.00 180.00 OK
r-oldrel-windows-ix86+x86_64 1.0.0 16.00 178.00 194.00 OK

Check Details

Version: 1.0.0
Check: package dependencies
Result: ERROR
    Package required but not available: ‘piano’
    
    See the information on DESCRIPTION files in the chapter ‘Creating R
    packages’ of the ‘Writing R Extensions’ manual.
Flavors: r-release-osx-x86_64-mavericks, r-release-osx-x86_64-snowleopard