Last updated on 2014-11-24 23:47:15.
Flavor | Version | Tinstall | Tcheck | Ttotal | Status | Flags |
---|---|---|---|---|---|---|
r-devel-linux-x86_64-debian-clang | 0.7 | 0.56 | 10.93 | 11.48 | NOTE | |
r-devel-linux-x86_64-debian-gcc | 0.7 | 0.69 | 10.64 | 11.33 | NOTE | |
r-devel-linux-x86_64-fedora-clang | 0.7 | 24.15 | NOTE | |||
r-devel-linux-x86_64-fedora-gcc | 0.7 | 21.00 | NOTE | |||
r-devel-osx-x86_64-clang | 0.7 | 25.12 | NOTE | |||
r-devel-windows-ix86+x86_64 | 0.7 | 4.00 | 18.00 | 22.00 | NOTE | |
r-patched-linux-x86_64 | 0.7 | 0.58 | 11.05 | 11.64 | NOTE | |
r-patched-solaris-sparc | 0.7 | 131.10 | NOTE | |||
r-patched-solaris-x86 | 0.7 | 32.90 | NOTE | |||
r-release-linux-ix86 | 0.7 | 0.84 | 16.18 | 17.02 | NOTE | |
r-release-linux-x86_64 | 0.7 | 0.72 | 10.86 | 11.58 | NOTE | |
r-release-osx-x86_64-mavericks | 0.7 | NOTE | ||||
r-release-windows-ix86+x86_64 | 0.7 | 2.00 | 25.00 | 27.00 | NOTE | |
r-oldrel-windows-ix86+x86_64 | 0.7 | 2.00 | 20.00 | 22.00 | NOTE |
Version: 0.7
Check: dependencies in R code
Result: NOTE
'library' or 'require' call to ‘foreign’ which was already attached by Depends.
Please remove these calls from your code.
See the information on DESCRIPTION files in the chapter ‘Creating R
packages’ of the ‘Writing R Extensions’ manual.
Flavors: r-devel-linux-x86_64-debian-clang, r-devel-linux-x86_64-debian-gcc, r-devel-linux-x86_64-fedora-clang, r-devel-linux-x86_64-fedora-gcc, r-devel-osx-x86_64-clang, r-devel-windows-ix86+x86_64, r-patched-linux-x86_64, r-patched-solaris-sparc, r-patched-solaris-x86, r-release-linux-ix86, r-release-linux-x86_64, r-release-osx-x86_64-mavericks, r-release-windows-ix86+x86_64, r-oldrel-windows-ix86+x86_64