CRAN Package Check Results for Package sharpshootR

Last updated on 2014-11-24 23:47:15.

Flavor Version Tinstall Tcheck Ttotal Status Flags
r-devel-linux-x86_64-debian-clang 0.6-3 5.60 67.38 72.98 NOTE
r-devel-linux-x86_64-debian-gcc 0.6-3 5.40 65.81 71.20 NOTE
r-devel-linux-x86_64-fedora-clang 0.6-3 171.34 NOTE
r-devel-linux-x86_64-fedora-gcc 0.6-3 161.01 NOTE
r-devel-osx-x86_64-clang 0.6-3 76.69 NOTE
r-devel-windows-ix86+x86_64 0.6-3 20.00 100.00 120.00 NOTE
r-patched-linux-x86_64 0.6-3 5.77 68.27 74.04 NOTE
r-patched-solaris-sparc 0.6-3 457.20 NOTE
r-patched-solaris-x86 0.6-3 231.30 NOTE
r-release-linux-ix86 0.6-3 7.16 80.15 87.31 NOTE
r-release-linux-x86_64 0.6-3 5.82 67.70 73.52 NOTE
r-release-osx-x86_64-mavericks 0.6-3 ERROR
r-release-osx-x86_64-snowleopard 0.6-3 ERROR
r-release-windows-ix86+x86_64 0.6-3 23.00 107.00 130.00 NOTE
r-oldrel-windows-ix86+x86_64 0.6-3 17.00 102.00 119.00 OK

Check Details

Version: 0.6-3
Check: R code for possible problems
Result: NOTE
    hillslope.probability: no visible global function definition for
     ‘format_SQL_in_statement’
    hillslope.probability: no visible global function definition for
     ‘SDA_query’
Flavors: r-devel-linux-x86_64-debian-clang, r-devel-linux-x86_64-debian-gcc, r-devel-linux-x86_64-fedora-clang, r-devel-linux-x86_64-fedora-gcc, r-devel-osx-x86_64-clang, r-devel-windows-ix86+x86_64, r-patched-linux-x86_64, r-patched-solaris-sparc, r-patched-solaris-x86, r-release-linux-ix86, r-release-linux-x86_64, r-release-windows-ix86+x86_64

Version: 0.6-3
Check: package dependencies
Result: ERROR
    Package required but not available: ‘aqp’
    
    Package suggested but not available for checking: ‘soilDB’
    
    See the information on DESCRIPTION files in the chapter ‘Creating R
    packages’ of the ‘Writing R Extensions’ manual.
Flavors: r-release-osx-x86_64-mavericks, r-release-osx-x86_64-snowleopard