Last updated on 2014-11-24 23:47:15.
Flavor | Version | Tinstall | Tcheck | Ttotal | Status | Flags |
---|---|---|---|---|---|---|
r-devel-linux-x86_64-debian-clang | 1.2.3 | 6.22 | 140.05 | 146.27 | OK | |
r-devel-linux-x86_64-debian-gcc | 1.2.3 | 5.96 | 129.65 | 135.62 | OK | |
r-devel-linux-x86_64-fedora-clang | 1.2.3 | 329.04 | OK | |||
r-devel-linux-x86_64-fedora-gcc | 1.2.3 | 319.85 | OK | |||
r-devel-osx-x86_64-clang | 1.2.3 | 276.53 | OK | |||
r-devel-windows-ix86+x86_64 | 1.2.3 | 18.00 | 186.00 | 204.00 | OK | |
r-patched-linux-x86_64 | 1.2.3 | 6.43 | 137.41 | 143.84 | OK | |
r-patched-solaris-sparc | 1.2.3 | 1535.40 | OK | |||
r-patched-solaris-x86 | 1.2.3 | 469.70 | OK | |||
r-release-linux-ix86 | 1.2.3 | 7.35 | 172.47 | 179.82 | OK | |
r-release-linux-x86_64 | 1.2.3 | 6.40 | 145.31 | 151.71 | OK | |
r-release-osx-x86_64-mavericks | 1.2.3 | OK | ||||
r-release-osx-x86_64-snowleopard | 1.2.3 | OK | ||||
r-release-windows-ix86+x86_64 | 1.2.3 | 21.00 | 216.00 | 237.00 | OK | |
r-oldrel-windows-ix86+x86_64 | 1.2.3 | 1.00 | 2.00 | 3.00 | ERROR |
Version: 1.2.3
Check: package dependencies
Result: ERROR
Package required but not available: 'lazyeval'
Package required and available but unsuitable version: 'dplyr'
See the information on DESCRIPTION files in the chapter 'Creating R
packages' of the 'Writing R Extensions' manual.
Flavor: r-oldrel-windows-ix86+x86_64