CRAN Package Check Results for Package snplist

Last updated on 2014-11-24 23:47:16.

Flavor Version Tinstall Tcheck Ttotal Status Flags
r-devel-linux-x86_64-debian-clang 0.12 10.45 74.94 85.39 NOTE
r-devel-linux-x86_64-debian-gcc 0.12 10.18 74.22 84.40 NOTE
r-devel-linux-x86_64-fedora-clang 0.12 204.98 NOTE
r-devel-linux-x86_64-fedora-gcc 0.12 196.90 NOTE
r-devel-osx-x86_64-clang 0.12 166.69 NOTE
r-devel-windows-ix86+x86_64 0.12 36.00 141.00 177.00 NOTE
r-patched-linux-x86_64 0.12 11.84 80.00 91.84 NOTE
r-patched-solaris-sparc 0.12 1082.80 NOTE
r-patched-solaris-x86 0.12 246.80 NOTE
r-release-linux-ix86 0.12 12.94 90.72 103.66 NOTE
r-release-linux-x86_64 0.12 10.99 77.60 88.59 NOTE
r-release-osx-x86_64-mavericks 0.12 NOTE
r-release-osx-x86_64-snowleopard 0.12 NOTE
r-release-windows-ix86+x86_64 0.12 40.00 152.00 192.00 NOTE
r-oldrel-windows-ix86+x86_64 0.12 24.00 78.00 102.00 NOTE

Check Details

Version: 0.12
Check: dependencies in R code
Result: NOTE
    Packages in Depends field not imported from:
     ‘R.utils’ ‘RSQLite’ ‘Rcpp’ ‘biomaRt’
     These packages need to be imported from (in the NAMESPACE file)
     for when this namespace is loaded but not attached.
    See the information on DESCRIPTION files in the chapter ‘Creating R
    packages’ of the ‘Writing R Extensions’ manual.
Flavors: r-devel-linux-x86_64-debian-clang, r-devel-linux-x86_64-debian-gcc, r-devel-linux-x86_64-fedora-clang, r-devel-linux-x86_64-fedora-gcc, r-devel-osx-x86_64-clang, r-devel-windows-ix86+x86_64, r-patched-linux-x86_64, r-patched-solaris-sparc, r-patched-solaris-x86, r-release-linux-ix86, r-release-linux-x86_64, r-release-osx-x86_64-mavericks, r-release-osx-x86_64-snowleopard, r-release-windows-ix86+x86_64, r-oldrel-windows-ix86+x86_64

Version: 0.12
Check: R code for possible problems
Result: NOTE
    getBioMartData: no visible global function definition for ‘useMart’
    getBioMartData: no visible global function definition for ‘listMarts’
    getBioMartData: no visible global function definition for
     ‘listDatasets’
    getBioMartData: no visible global function definition for ‘getBM’
    makeGeneSet: no visible global function definition for ‘dbDriver’
    makeGeneSet: no visible global function definition for ‘dbConnect’
    makeGeneSet: no visible global function definition for ‘dbGetQuery’
    makeGeneSet: no visible global function definition for ‘isFile’
    makeGeneSet: no visible global function definition for ‘dbWriteTable’
    makeGeneSet: no visible global function definition for ‘dbReadTable’
    makeGeneSet: no visible global function definition for ‘dbDisconnect’
    setGeneTable: no visible global function definition for ‘dbDriver’
    setGeneTable: no visible global function definition for ‘dbConnect’
    setGeneTable: no visible global function definition for ‘dbGetQuery’
    setGeneTable: no visible global function definition for ‘dbWriteTable’
    setGeneTable: no visible global function definition for ‘dbDisconnect’
    setSNPTable: no visible global function definition for ‘dbDriver’
    setSNPTable: no visible global function definition for ‘dbConnect’
    setSNPTable: no visible global function definition for ‘dbGetQuery’
    setSNPTable: no visible global function definition for ‘isFile’
    setSNPTable: no visible global function definition for ‘dbWriteTable’
    setSNPTable: no visible global function definition for ‘dbDisconnect’
Flavors: r-devel-linux-x86_64-debian-clang, r-devel-linux-x86_64-debian-gcc, r-devel-linux-x86_64-fedora-clang, r-devel-linux-x86_64-fedora-gcc, r-devel-osx-x86_64-clang, r-devel-windows-ix86+x86_64, r-patched-linux-x86_64, r-patched-solaris-sparc, r-patched-solaris-x86, r-release-linux-ix86, r-release-linux-x86_64, r-release-windows-ix86+x86_64