Last updated on 2014-11-24 23:47:16.
Flavor | Version | Tinstall | Tcheck | Ttotal | Status | Flags |
---|---|---|---|---|---|---|
r-devel-linux-x86_64-debian-clang | 0.5-77 | 7.89 | 174.28 | 182.18 | NOTE | |
r-devel-linux-x86_64-debian-gcc | 0.5-77 | 7.83 | 183.31 | 191.14 | NOTE | |
r-devel-linux-x86_64-fedora-clang | 0.5-77 | 389.46 | NOTE | |||
r-devel-linux-x86_64-fedora-gcc | 0.5-77 | 369.70 | NOTE | |||
r-devel-osx-x86_64-clang | 0.5-77 | 329.10 | NOTE | |||
r-devel-windows-ix86+x86_64 | 0.5-77 | 36.00 | 287.00 | 323.00 | NOTE | |
r-patched-linux-x86_64 | 0.5-77 | 8.67 | 190.00 | 198.67 | NOTE | |
r-patched-solaris-sparc | 0.5-77 | 2121.00 | NOTE | |||
r-patched-solaris-x86 | 0.5-77 | 484.70 | NOTE | |||
r-release-linux-ix86 | 0.5-77 | 9.87 | 206.77 | 216.64 | NOTE | |
r-release-linux-x86_64 | 0.5-77 | 7.92 | 190.11 | 198.03 | NOTE | |
r-release-osx-x86_64-mavericks | 0.5-77 | NOTE | ||||
r-release-osx-x86_64-snowleopard | 0.5-77 | NOTE | ||||
r-release-windows-ix86+x86_64 | 0.5-77 | 36.00 | 336.00 | 372.00 | NOTE | |
r-oldrel-windows-ix86+x86_64 | 0.5-77 | 38.00 | 332.00 | 370.00 | NOTE |
Memtest notes: valgrind
Version: 0.5-77
Check: installed package size
Result: NOTE
installed size is 5.2Mb
sub-directories of 1Mb or more:
data 1.1Mb
doc 1.4Mb
etc 1.7Mb
Flavors: r-devel-linux-x86_64-debian-clang, r-devel-linux-x86_64-debian-gcc, r-devel-linux-x86_64-fedora-clang, r-devel-linux-x86_64-fedora-gcc, r-devel-osx-x86_64-clang, r-devel-windows-ix86+x86_64, r-patched-linux-x86_64, r-patched-solaris-sparc, r-patched-solaris-x86, r-release-linux-ix86, r-release-linux-x86_64, r-release-osx-x86_64-mavericks, r-release-osx-x86_64-snowleopard, r-release-windows-ix86+x86_64, r-oldrel-windows-ix86+x86_64