Last updated on 2014-11-24 23:47:16.
Flavor | Version | Tinstall | Tcheck | Ttotal | Status | Flags |
---|---|---|---|---|---|---|
r-devel-linux-x86_64-debian-clang | 1.5 | 0.67 | 14.26 | 14.93 | NOTE | |
r-devel-linux-x86_64-debian-gcc | 1.5 | 0.80 | 13.30 | 14.11 | NOTE | |
r-devel-linux-x86_64-fedora-clang | 1.5 | 29.85 | NOTE | |||
r-devel-linux-x86_64-fedora-gcc | 1.5 | 28.05 | NOTE | |||
r-devel-osx-x86_64-clang | 1.5 | 29.78 | NOTE | |||
r-devel-windows-ix86+x86_64 | 1.5 | 3.00 | 20.00 | 23.00 | NOTE | |
r-patched-linux-x86_64 | 1.5 | 0.68 | 13.94 | 14.61 | NOTE | |
r-patched-solaris-sparc | 1.5 | 137.60 | NOTE | |||
r-patched-solaris-x86 | 1.5 | 43.20 | NOTE | |||
r-release-linux-ix86 | 1.5 | 1.00 | 21.03 | 22.02 | NOTE | |
r-release-linux-x86_64 | 1.5 | 0.81 | 13.44 | 14.25 | NOTE | |
r-release-osx-x86_64-mavericks | 1.5 | NOTE | ||||
r-release-osx-x86_64-snowleopard | 1.5 | NOTE | ||||
r-release-windows-ix86+x86_64 | 1.5 | 3.00 | 21.00 | 24.00 | NOTE | |
r-oldrel-windows-ix86+x86_64 | 1.5 | 3.00 | 23.00 | 26.00 | NOTE |
Version: 1.5
Check: dependencies in R code
Result: NOTE
Package in Depends field not imported from: ‘rgl’
These packages need to be imported from (in the NAMESPACE file)
for when this namespace is loaded but not attached.
See the information on DESCRIPTION files in the chapter ‘Creating R
packages’ of the ‘Writing R Extensions’ manual.
Flavors: r-devel-linux-x86_64-debian-clang, r-devel-linux-x86_64-debian-gcc, r-devel-linux-x86_64-fedora-clang, r-devel-linux-x86_64-fedora-gcc, r-devel-osx-x86_64-clang, r-devel-windows-ix86+x86_64, r-patched-linux-x86_64, r-patched-solaris-sparc, r-patched-solaris-x86, r-release-linux-ix86, r-release-linux-x86_64, r-release-osx-x86_64-mavericks, r-release-windows-ix86+x86_64, r-oldrel-windows-ix86+x86_64
Version: 1.5
Check: R code for possible problems
Result: NOTE
rgl.sphMW: no visible global function definition for ‘plot3d’
rgl.sphcirc: no visible global function definition for ‘rotate3d’
rgl.sphcirc: no visible global function definition for ‘lines3d’
rgl.sphgrid: no visible global function definition for ‘open3d’
rgl.sphgrid: no visible global function definition for ‘plot3d’
rgl.sphgrid: no visible global function definition for ‘lines3d’
rgl.sphgrid: no visible global function definition for ‘text3d’
rgl.sphpoints: no visible global function definition for ‘points3d’
rgl.sphsun: no visible global function definition for ‘plot3d’
rgl.sphtext: no visible global function definition for ‘text3d’
Flavors: r-devel-linux-x86_64-debian-clang, r-devel-linux-x86_64-debian-gcc, r-devel-linux-x86_64-fedora-clang, r-devel-linux-x86_64-fedora-gcc, r-devel-osx-x86_64-clang, r-devel-windows-ix86+x86_64, r-patched-linux-x86_64, r-patched-solaris-sparc, r-patched-solaris-x86, r-release-linux-ix86, r-release-linux-x86_64, r-release-windows-ix86+x86_64
Version: 1.5
Check: dependencies in R code
Result: NOTE
Package in Depends field not imported from: ‘rgl’
These packages need to be imported from for the case when
this namespace is loaded but not attached.
See the information on DESCRIPTION files in the chapter ‘Creating R
packages’ of the ‘Writing R Extensions’ manual.
Flavor: r-release-osx-x86_64-snowleopard