CRAN Package Check Results for Package splm

Last updated on 2014-11-24 23:47:16.

Flavor Version Tinstall Tcheck Ttotal Status Flags
r-devel-linux-x86_64-debian-clang 1.1-0 8.85 103.93 112.78 NOTE
r-devel-linux-x86_64-debian-gcc 1.1-0 7.82 105.12 112.94 NOTE
r-devel-linux-x86_64-fedora-clang 1.1-0 257.86 NOTE
r-devel-linux-x86_64-fedora-gcc 1.1-0 247.04 NOTE
r-devel-osx-x86_64-clang 1.1-0 225.91 NOTE
r-devel-windows-ix86+x86_64 1.1-0 26.00 146.00 172.00 NOTE
r-patched-linux-x86_64 1.1-0 8.34 111.09 119.43 NOTE
r-patched-solaris-sparc 1.1-0 1250.30 NOTE
r-patched-solaris-x86 1.1-0 314.80 NOTE
r-release-linux-ix86 1.1-0 10.43 123.00 133.43 NOTE
r-release-linux-x86_64 1.1-0 8.50 108.96 117.45 NOTE
r-release-osx-x86_64-mavericks 1.1-0 NOTE
r-release-osx-x86_64-snowleopard 1.1-0 NOTE
r-release-windows-ix86+x86_64 1.1-0 31.00 162.00 193.00 NOTE
r-oldrel-windows-ix86+x86_64 1.1-0 25.00 149.00 174.00 NOTE

Check Details

Version: 1.1-0
Check: package dependencies
Result: NOTE
    Depends: includes the non-default packages:
     ‘MASS’ ‘nlme’ ‘spdep’ ‘plm’ ‘Matrix’ ‘bdsmatrix’ ‘spam’ ‘ibdreg’
     ‘car’ ‘lmtest’ ‘Ecdat’ ‘maxLik’
    Adding so many packages to the search path is excessive and importing
    selectively is preferable.
Flavors: r-devel-linux-x86_64-debian-clang, r-devel-linux-x86_64-debian-gcc, r-devel-linux-x86_64-fedora-clang, r-devel-linux-x86_64-fedora-gcc, r-devel-osx-x86_64-clang, r-devel-windows-ix86+x86_64, r-patched-linux-x86_64, r-patched-solaris-sparc, r-patched-solaris-x86, r-release-linux-ix86, r-release-linux-x86_64, r-release-osx-x86_64-mavericks, r-release-osx-x86_64-snowleopard, r-release-windows-ix86+x86_64

Version: 1.1-0
Check: dependencies in R code
Result: NOTE
    'library' or 'require' calls to packages already attached by Depends:
     ‘bdsmatrix’ ‘ibdreg’ ‘maxLik’ ‘nlme’ ‘plm’ ‘spdep’
     Please remove these calls from your code.
    Packages in Depends field not imported from:
     ‘Ecdat’ ‘car’ ‘ibdreg’ ‘lmtest’ ‘maxLik’ ‘plm’ ‘spam’
     These packages need to be imported from (in the NAMESPACE file)
     for when this namespace is loaded but not attached.
    ':::' calls which should be '::':
     ‘spdep:::can.be.simmed’ ‘spdep:::jacobianSetup’
     See the note in ?`:::` about the use of this operator.
    Unexported object imported by a ':::' call: ‘spdep:::.spdepOptions’
     See the note in ?`:::` about the use of this operator.
    See the information on DESCRIPTION files in the chapter ‘Creating R
    packages’ of the ‘Writing R Extensions’ manual.
Flavors: r-devel-linux-x86_64-debian-clang, r-devel-linux-x86_64-debian-gcc, r-devel-linux-x86_64-fedora-clang, r-devel-linux-x86_64-fedora-gcc, r-devel-osx-x86_64-clang, r-devel-windows-ix86+x86_64, r-patched-linux-x86_64, r-patched-solaris-sparc, r-patched-solaris-x86, r-release-linux-ix86, r-release-linux-x86_64, r-release-windows-ix86+x86_64, r-oldrel-windows-ix86+x86_64

Version: 1.1-0
Check: R code for possible problems
Result: NOTE
    LMHtest: no visible global function definition for ‘plm.data’
    LMHtest: no visible global function definition for ‘pchibar’
    bsjktest.formula: no visible global function definition for ‘plm.data’
    clmltest: no visible global function definition for ‘plm.data’
    clmmtest: no visible global function definition for ‘plm.data’
    ivsplm: no visible global function definition for ‘plm.data’
    ldetB: no visible global function definition for ‘diag.spam’
    pbsjkARtest: no visible global function definition for ‘plm.data’
    pbsjkJtest: no visible global function definition for ‘plm.data’
    pbsjkSDtest: no visible global function definition for ‘plm.data’
    sarem2REmod: no visible global function definition for ‘maxLik’
    sarem2srREmod: no visible global function definition for ‘maxLik’
    saremREmod: no visible global function definition for ‘maxLik’
    saremmod: no visible global function definition for ‘maxLik’
    saremsrREmod: no visible global function definition for ‘maxLik’
    saremsrmod: no visible global function definition for ‘maxLik’
    sem2REmod: no visible global function definition for ‘maxLik’
    sem2srREmod: no visible global function definition for ‘maxLik’
    semREmod: no visible global function definition for ‘maxLik’
    semmod: no visible global function definition for ‘maxLik’
    semsrREmod: no visible global function definition for ‘maxLik’
    semsrmod: no visible global function definition for ‘maxLik’
    similar.listw_spam: no visible global function definition for
     ‘diag.spam’
    slm1test: no visible global function definition for ‘plm.data’
    slm2test: no visible global function definition for ‘plm.data’
    sperrorgm: no visible global function definition for ‘plm.data’
    sperrorgm: no visible global function definition for ‘plm’
    spfeml: no visible global function definition for ‘plm.data’
    spreml: no visible global function definition for ‘plm.data’
    spsarargm: no visible global function definition for ‘plm.data’
    xprodB: no visible global function definition for ‘as.spam’
    xprodB: no visible global function definition for ‘diag.spam’
Flavors: r-devel-linux-x86_64-debian-clang, r-devel-linux-x86_64-debian-gcc, r-devel-linux-x86_64-fedora-clang, r-devel-linux-x86_64-fedora-gcc, r-devel-osx-x86_64-clang, r-devel-windows-ix86+x86_64, r-patched-linux-x86_64, r-patched-solaris-sparc, r-patched-solaris-x86, r-release-linux-ix86, r-release-linux-x86_64, r-release-windows-ix86+x86_64

Version: 1.1-0
Check: dependencies in R code
Result: NOTE
    'library' or 'require' calls to packages already attached by Depends:
     ‘bdsmatrix’ ‘ibdreg’ ‘maxLik’ ‘nlme’ ‘plm’ ‘spdep’
     Please remove these calls from your code.
    Packages in Depends field not imported from:
     ‘Ecdat’ ‘car’ ‘ibdreg’ ‘lmtest’ ‘maxLik’ ‘plm’ ‘spam’
     These packages need to be imported from (in the NAMESPACE file)
     for when this namespace is loaded but not attached.
    Unexported objects imported by ':::' calls:
     ‘spdep:::.spdepOptions’ ‘spdep:::can.be.simmed’
     ‘spdep:::jacobianSetup’
     See the note in ?`:::` about the use of this operator.
    See the information on DESCRIPTION files in the chapter ‘Creating R
    packages’ of the ‘Writing R Extensions’ manual.
Flavor: r-release-osx-x86_64-mavericks

Version: 1.1-0
Check: dependencies in R code
Result: NOTE
    'library' or 'require' calls to packages already attached by Depends:
     'bdsmatrix' 'ibdreg' 'maxLik' 'nlme' 'plm' 'spdep'
     Please remove these calls from your code.
    Packages in Depends field not imported from:
     'Ecdat' 'car' 'ibdreg' 'lmtest' 'maxLik' 'plm' 'spam'
     These packages need to be imported from for the case when
     this namespace is loaded but not attached.
    Unexported objects imported by ':::' calls:
     'spdep:::.spdepOptions' 'spdep:::can.be.simmed'
     'spdep:::jacobianSetup'
     See the note in ?`:::` about the use of this operator.
    See the information on DESCRIPTION files in the chapter 'Creating R
    packages' of the 'Writing R Extensions' manual.
Flavor: r-release-osx-x86_64-snowleopard