Last updated on 2014-11-24 23:47:16.
Flavor | Version | Tinstall | Tcheck | Ttotal | Status | Flags |
---|---|---|---|---|---|---|
r-devel-linux-x86_64-debian-clang | 0.1.2 | 6.84 | 81.04 | 87.88 | OK | |
r-devel-linux-x86_64-debian-gcc | 0.1.2 | 6.58 | 82.28 | 88.86 | OK | |
r-devel-linux-x86_64-fedora-clang | 0.1.2 | 201.67 | OK | |||
r-devel-linux-x86_64-fedora-gcc | 0.1.2 | 194.50 | OK | |||
r-devel-osx-x86_64-clang | 0.1.2 | 169.73 | OK | |||
r-devel-windows-ix86+x86_64 | 0.1.2 | 22.00 | 122.00 | 144.00 | OK | |
r-patched-linux-x86_64 | 0.1.2 | 8.97 | 87.88 | 96.86 | OK | |
r-patched-solaris-sparc | 0.1.2 | 1030.10 | OK | |||
r-patched-solaris-x86 | 0.1.2 | 269.80 | OK | |||
r-release-linux-ix86 | 0.1.2 | 8.11 | 97.19 | 105.30 | OK | |
r-release-linux-x86_64 | 0.1.2 | 7.15 | 84.72 | 91.87 | OK | |
r-release-osx-x86_64-mavericks | 0.1.2 | OK | ||||
r-release-osx-x86_64-snowleopard | 0.1.2 | ERROR | ||||
r-release-windows-ix86+x86_64 | 0.1.2 | 24.00 | 140.00 | 164.00 | OK |
Version: 0.1.2
Check: examples
Result: ERROR
Running examples in ‘statar-Ex.R’ failed
The error most likely occurred in:
> ### Name: setna
> ### Title: fill NA in place based on non missing observations
> ### Aliases: setna setna_
>
> ### ** Examples
>
> library(data.table)
> DT <- data.table(
+ id = c(1, 1, 1, 1, 2, 2),
+ date = c(1992, 1989, 1991, 1993, 1992, 1991),
+ value = c(NA, NA, 3, NA, 3.2, 5.2)
+ )
> DT1 <- copy(DT)
> setkey(DT1, id, date)
> DT2 <- copy(DT1)
> DT3 <- copy(DT1)
> setna(DT, value, along_with = date, by = id)
Error in `[.data.table`(x, , `:=`((col), x[!is.na(value), c(byvars, along_with, :
(list) object cannot be coerced to type 'double'
Calls: setna -> setna_ -> eval -> eval -> [ -> [.data.table
Execution halted
Flavor: r-release-osx-x86_64-snowleopard