Last updated on 2014-11-24 23:47:19.
Flavor | Version | Tinstall | Tcheck | Ttotal | Status | Flags |
---|---|---|---|---|---|---|
r-devel-linux-x86_64-debian-clang | 2013.9-1 | 2.30 | 42.90 | 45.21 | NOTE | |
r-devel-linux-x86_64-debian-gcc | 2013.9-1 | 2.24 | 39.32 | 41.56 | NOTE | |
r-devel-linux-x86_64-fedora-clang | 2013.9-1 | 94.77 | NOTE | |||
r-devel-linux-x86_64-fedora-gcc | 2013.9-1 | 88.55 | NOTE | |||
r-devel-osx-x86_64-clang | 2013.9-1 | 83.74 | NOTE | |||
r-devel-windows-ix86+x86_64 | 2013.9-1 | 7.00 | 65.00 | 72.00 | NOTE | |
r-patched-linux-x86_64 | 2013.9-1 | 2.40 | 42.93 | 45.33 | NOTE | |
r-patched-solaris-sparc | 2013.9-1 | 585.90 | NOTE | |||
r-patched-solaris-x86 | 2013.9-1 | 117.10 | NOTE | |||
r-release-linux-ix86 | 2013.9-1 | 2.94 | 50.99 | 53.93 | NOTE | |
r-release-linux-x86_64 | 2013.9-1 | 2.45 | 42.22 | 44.66 | NOTE | |
r-release-osx-x86_64-mavericks | 2013.9-1 | OK | ||||
r-release-osx-x86_64-snowleopard | 2013.9-1 | OK | ||||
r-release-windows-ix86+x86_64 | 2013.9-1 | 7.00 | 75.00 | 82.00 | NOTE | |
r-oldrel-windows-ix86+x86_64 | 2013.9-1 | 7.00 | 63.00 | 70.00 | OK |
Version: 2013.9-1
Check: R code for possible problems
Result: NOTE
TSwriteXLS: no visible global function definition for ‘testPerl’
TSwriteXLS: no visible global function definition for ‘WriteXLS’
as.weekly: no visible global function definition for ‘zoo’
tfExpand.timeSeries: no visible global function definition for
‘coredata’
tfExpand.xts: no visible global function definition for ‘coredata’
tfExpand.xts: no visible global function definition for ‘xts’
tfExpand.zoo: no visible global function definition for ‘coredata’
tfExpand.zoo: no visible global function definition for ‘zoo’
tfUnSet.xts: no visible global function definition for ‘coredata’
tframe.xts: no visible global function definition for ‘index’
tfwindow: no visible global function definition for ‘tfstart’
tfwindow: no visible global function definition for ‘tfend’
tfExpand,timeSeries: no visible global function definition for
‘coredata’
Flavors: r-devel-linux-x86_64-debian-clang, r-devel-linux-x86_64-debian-gcc, r-devel-linux-x86_64-fedora-clang, r-devel-linux-x86_64-fedora-gcc, r-devel-osx-x86_64-clang, r-devel-windows-ix86+x86_64, r-patched-linux-x86_64, r-patched-solaris-sparc, r-patched-solaris-x86, r-release-linux-ix86, r-release-linux-x86_64, r-release-windows-ix86+x86_64