CRAN Package Check Results for Package trajectories

Last updated on 2014-11-24 23:47:19.

Flavor Version Tinstall Tcheck Ttotal Status Flags
r-devel-linux-x86_64-debian-clang 0.1-1 3.20 48.00 51.21 OK
r-devel-linux-x86_64-debian-gcc 0.1-1 2.96 47.57 50.53 OK
r-devel-linux-x86_64-fedora-clang 0.1-1 115.44 OK
r-devel-linux-x86_64-fedora-gcc 0.1-1 108.56 OK
r-devel-osx-x86_64-clang 0.1-1 102.30 OK
r-devel-windows-ix86+x86_64 0.1-1 9.00 73.00 82.00 OK
r-patched-linux-x86_64 0.1-1 3.15 49.33 52.48 OK
r-patched-solaris-sparc 0.1-1 585.70 OK
r-patched-solaris-x86 0.1-1 165.50 OK
r-release-linux-ix86 0.1-1 3.98 58.87 62.86 OK
r-release-linux-x86_64 0.1-1 3.15 49.73 52.88 OK
r-release-osx-x86_64-mavericks 0.1-1 ERROR
r-release-osx-x86_64-snowleopard 0.1-1 OK
r-release-windows-ix86+x86_64 0.1-1 11.00 73.00 84.00 OK
r-oldrel-windows-ix86+x86_64 0.1-1 8.00 74.00 82.00 OK

Check Details

Version: 0.1-1
Check: package dependencies
Result: ERROR
    Packages required but not available: ‘spacetime’ ‘rgdal’ ‘rgeos’
    
    Package suggested but not available for checking: ‘OpenStreetMap’
    
    See the information on DESCRIPTION files in the chapter ‘Creating R
    packages’ of the ‘Writing R Extensions’ manual.
Flavor: r-release-osx-x86_64-mavericks