CRAN Package Check Results for Package tsintermittent

Last updated on 2014-11-24 23:47:19.

Flavor Version Tinstall Tcheck Ttotal Status Flags
r-devel-linux-x86_64-debian-clang 1.5 1.85 29.55 31.40 OK
r-devel-linux-x86_64-debian-gcc 1.5 1.77 29.38 31.15 OK
r-devel-linux-x86_64-fedora-clang 1.5 34.67 OK
r-devel-linux-x86_64-fedora-gcc 1.5 64.49 OK
r-devel-osx-x86_64-clang 1.5 41.71 OK
r-devel-windows-ix86+x86_64 1.5 7.00 47.00 54.00 OK
r-patched-linux-x86_64 1.5 1.90 30.33 32.23 OK
r-patched-solaris-sparc 1.5 341.70 OK
r-patched-solaris-x86 1.5 68.80 OK
r-release-linux-ix86 1.4 0.40 1.98 2.39 ERROR
r-release-linux-x86_64 1.5 1.90 30.32 32.22 OK
r-release-osx-x86_64-mavericks 1.5 OK
r-release-osx-x86_64-snowleopard 1.5 OK
r-release-windows-ix86+x86_64 1.5 8.00 55.00 63.00 OK
r-oldrel-windows-ix86+x86_64 1.5 8.00 51.00 59.00 OK

Check Details

Version: 1.4
Check: whether package can be installed
Result: ERROR
    Installation failed.
Flavor: r-release-linux-ix86