CRAN Package Check Results for Package tsoutliers

Last updated on 2014-11-24 23:47:19.

Flavor Version Tinstall Tcheck Ttotal Status Flags
r-devel-linux-x86_64-debian-clang 0.4 2.31 39.08 41.39 OK
r-devel-linux-x86_64-debian-gcc 0.4 2.18 38.46 40.64 OK
r-devel-linux-x86_64-fedora-clang 0.4 83.23 OK
r-devel-linux-x86_64-fedora-gcc 0.4 78.06 OK
r-devel-osx-x86_64-clang 0.4 68.96 OK
r-devel-windows-ix86+x86_64 0.4 9.00 54.00 63.00 OK
r-patched-linux-x86_64 0.4 2.30 39.04 41.34 OK
r-patched-solaris-sparc 0.4 484.40 OK
r-patched-solaris-x86 0.4 105.70 OK
r-release-linux-ix86 0.4 3.04 47.48 50.52 OK
r-release-linux-x86_64 0.4 2.85 39.24 42.09 OK
r-release-osx-x86_64-mavericks 0.4 ERROR
r-release-osx-x86_64-snowleopard 0.4 ERROR
r-release-windows-ix86+x86_64 0.4 9.00 56.00 65.00 OK
r-oldrel-windows-ix86+x86_64 0.4 8.00 61.00 69.00 OK

Check Details

Version: 0.4
Check: package dependencies
Result: ERROR
    Packages required but not available: ‘stsm’ ‘KFKSDS’
    
    See the information on DESCRIPTION files in the chapter ‘Creating R
    packages’ of the ‘Writing R Extensions’ manual.
Flavors: r-release-osx-x86_64-mavericks, r-release-osx-x86_64-snowleopard