Last updated on 2014-11-24 23:47:19.
Flavor | Version | Tinstall | Tcheck | Ttotal | Status | Flags |
---|---|---|---|---|---|---|
r-devel-linux-x86_64-debian-clang | 0.1-2 | 7.10 | 90.26 | 97.36 | NOTE | |
r-devel-linux-x86_64-debian-gcc | 0.1-2 | 6.92 | 87.60 | 94.52 | NOTE | |
r-devel-linux-x86_64-fedora-clang | 0.1-2 | 224.20 | NOTE | |||
r-devel-linux-x86_64-fedora-gcc | 0.1-2 | 211.94 | NOTE | |||
r-devel-osx-x86_64-clang | 0.1-2 | 178.36 | NOTE | |||
r-devel-windows-ix86+x86_64 | 0.1-2 | 21.00 | 134.00 | 155.00 | NOTE | |
r-patched-linux-x86_64 | 0.1-2 | 7.53 | 92.05 | 99.58 | NOTE | |
r-patched-solaris-sparc | 0.1-2 | 1217.70 | NOTE | |||
r-patched-solaris-x86 | 0.1-2 | 268.90 | NOTE | |||
r-release-linux-ix86 | 0.1-2 | 8.56 | 106.02 | 114.58 | NOTE | |
r-release-linux-x86_64 | 0.1-2 | 7.52 | 92.82 | 100.34 | NOTE | |
r-release-osx-x86_64-mavericks | 0.1-2 | OK | ||||
r-release-osx-x86_64-snowleopard | 0.1-2 | OK | ||||
r-release-windows-ix86+x86_64 | 0.1-2 | 28.00 | 147.00 | 175.00 | NOTE | |
r-oldrel-windows-ix86+x86_64 | 0.1-2 | 26.00 | 142.00 | 168.00 | OK |
Version: 0.1-2
Check: R code for possible problems
Result: NOTE
getData: no visible global function definition for ‘loadWorkbook’
getData: no visible global function definition for ‘readWorksheet’
meanDiff.multi: no visible global function definition for ‘coord_flip’
meanDiff.multi: no visible global function definition for ‘geom_hline’
Flavors: r-devel-linux-x86_64-debian-clang, r-devel-linux-x86_64-debian-gcc, r-devel-linux-x86_64-fedora-clang, r-devel-linux-x86_64-fedora-gcc, r-devel-osx-x86_64-clang, r-devel-windows-ix86+x86_64, r-patched-linux-x86_64, r-patched-solaris-sparc, r-patched-solaris-x86, r-release-linux-ix86, r-release-linux-x86_64, r-release-windows-ix86+x86_64