Last updated on 2014-11-24 23:47:19.
Flavor | Version | Tinstall | Tcheck | Ttotal | Status | Flags |
---|---|---|---|---|---|---|
r-devel-linux-x86_64-debian-clang | 0.2.0.14 | 2.23 | 44.26 | 46.50 | OK | |
r-devel-linux-x86_64-debian-gcc | 0.2.0.14 | 1.97 | 44.14 | 46.10 | OK | |
r-devel-linux-x86_64-fedora-clang | 0.2.0.14 | 95.40 | OK | |||
r-devel-linux-x86_64-fedora-gcc | 0.2.0.14 | 89.92 | OK | |||
r-devel-osx-x86_64-clang | 0.2.0.14 | 83.55 | OK | |||
r-devel-windows-ix86+x86_64 | 0.2.0.14 | 8.00 | 59.00 | 67.00 | OK | |
r-patched-linux-x86_64 | 0.2.0.14 | 2.19 | 46.03 | 48.22 | OK | |
r-patched-solaris-sparc | 0.2.0.14 | 523.20 | OK | |||
r-patched-solaris-x86 | 0.2.0.14 | 114.40 | OK | |||
r-release-linux-ix86 | 0.2.0.14 | 2.62 | 53.96 | 56.58 | OK | |
r-release-linux-x86_64 | 0.2.0.14 | 2.17 | 45.78 | 47.95 | OK | |
r-release-osx-x86_64-mavericks | 0.2.0.14 | OK | ||||
r-release-osx-x86_64-snowleopard | 0.2.0.14 | ERROR | ||||
r-release-windows-ix86+x86_64 | 0.2.0.14 | 10.00 | 70.00 | 80.00 | OK | |
r-oldrel-windows-ix86+x86_64 | 0.2.0.14 | 9.00 | 65.00 | 74.00 | OK |
Version: 0.2.0.14
Check: package dependencies
Result: ERROR
Package required and available but unsuitable version: ‘data.table’
See the information on DESCRIPTION files in the chapter ‘Creating R
packages’ of the ‘Writing R Extensions’ manual.
Flavor: r-release-osx-x86_64-snowleopard