CRAN Package Check Results for Package vdg

Last updated on 2014-11-24 23:47:19.

Flavor Version Tinstall Tcheck Ttotal Status Flags
r-devel-linux-x86_64-debian-clang 1.0 2.19 35.45 37.64 NOTE
r-devel-linux-x86_64-debian-gcc 1.0 2.03 34.60 36.63 NOTE
r-devel-linux-x86_64-fedora-clang 1.0 75.71 NOTE
r-devel-linux-x86_64-fedora-gcc 1.0 70.21 NOTE
r-devel-osx-x86_64-clang 1.0 70.55 NOTE
r-devel-windows-ix86+x86_64 1.0 11.00 74.00 85.00 NOTE
r-patched-linux-x86_64 1.0 2.18 37.77 39.95 NOTE
r-patched-solaris-sparc 1.0 479.60 NOTE
r-patched-solaris-x86 1.0 107.40 NOTE
r-release-linux-ix86 1.0 2.77 46.27 49.04 NOTE
r-release-linux-x86_64 1.0 2.16 36.61 38.77 NOTE
r-release-osx-x86_64-mavericks 1.0 OK
r-release-osx-x86_64-snowleopard 1.0 OK
r-release-windows-ix86+x86_64 1.0 12.00 88.00 100.00 NOTE

Check Details

Version: 1.0
Check: dependencies in R code
Result: NOTE
    Packages in Depends field not imported from:
     ‘parallel’ ‘splines’
     These packages need to be imported from (in the NAMESPACE file)
     for when this namespace is loaded but not attached.
    See the information on DESCRIPTION files in the chapter ‘Creating R
    packages’ of the ‘Writing R Extensions’ manual.
Flavors: r-devel-linux-x86_64-debian-clang, r-devel-linux-x86_64-debian-gcc, r-devel-linux-x86_64-fedora-clang, r-devel-linux-x86_64-fedora-gcc, r-devel-osx-x86_64-clang, r-devel-windows-ix86+x86_64, r-patched-linux-x86_64, r-patched-solaris-sparc, r-patched-solaris-x86, r-release-linux-ix86, r-release-linux-x86_64, r-release-windows-ix86+x86_64

Version: 1.0
Check: R code for possible problems
Result: NOTE
    plot.spv: no visible global function definition for ‘xlab’
    plot.spv: no visible global function definition for ‘geom_hex’
    plot.spv: no visible global function definition for
     ‘scale_fill_gradientn’
    plot.spv: no visible global function definition for ‘geom_boxplot’
    plot.spv: no visible global function definition for ‘ylab’
    plot.spvforlist: no visible global function definition for ‘xlab’
    plot.spvforlist: no visible global function definition for ‘geom_hex’
    plot.spvforlist: no visible global function definition for
     ‘scale_fill_gradientn’
    plot.spvforlist: no visible global function definition for
     ‘geom_boxplot’
    plot.spvforlist: no visible global function definition for ‘ylab’
    plot.spvlist: no visible global function definition for ‘xlab’
    plot.spvlist: no visible global function definition for ‘geom_hex’
    plot.spvlist: no visible global function definition for
     ‘scale_fill_gradientn’
    plot.spvlist: no visible global function definition for ‘ylab’
    plot.spvlist: no visible global function definition for ‘geom_boxplot’
    plot.spvlistforlist: no visible global function definition for ‘xlab’
    plot.spvlistforlist: no visible global function definition for
     ‘geom_hex’
    plot.spvlistforlist: no visible global function definition for
     ‘scale_fill_gradientn’
    plot.spvlistforlist: no visible global function definition for
     ‘geom_boxplot’
    plot.spvlistforlist: no visible global function definition for ‘ylab’
    spv.data.frame: no visible global function definition for ‘makeCluster’
    spv.data.frame: no visible global function definition for ‘detectCores’
    spv.data.frame: no visible global function definition for
     ‘clusterEvalQ’
    spv.data.frame: no visible global function definition for ‘parLapply’
    spv.data.frame: no visible global function definition for ‘stopCluster’
    spv.list: no visible global function definition for ‘makeCluster’
    spv.list: no visible global function definition for ‘detectCores’
    spv.list: no visible global function definition for ‘clusterEvalQ’
    spv.list: no visible global function definition for ‘parLapply’
    spv.list: no visible global function definition for ‘stopCluster’
    spv.list : <anonymous>: no visible global function definition for
     ‘parLapply’
    spv.matrix: no visible global function definition for ‘makeCluster’
    spv.matrix: no visible global function definition for ‘detectCores’
    spv.matrix: no visible global function definition for ‘clusterEvalQ’
    spv.matrix: no visible global function definition for ‘parLapply’
    spv.matrix: no visible global function definition for ‘stopCluster’
Flavors: r-devel-linux-x86_64-debian-clang, r-devel-linux-x86_64-debian-gcc, r-devel-linux-x86_64-fedora-clang, r-devel-linux-x86_64-fedora-gcc, r-devel-osx-x86_64-clang, r-devel-windows-ix86+x86_64, r-patched-linux-x86_64, r-patched-solaris-sparc, r-patched-solaris-x86, r-release-linux-ix86, r-release-linux-x86_64, r-release-windows-ix86+x86_64