CRAN Package Check Results for Package ABCExtremes

Last updated on 2015-02-05 23:50:18.

Flavor Version Tinstall Tcheck Ttotal Status Flags
r-devel-linux-x86_64-debian-clang 1.0 0.61 12.92 13.53 NOTE
r-devel-linux-x86_64-debian-gcc 1.0 0.56 12.30 12.86 NOTE
r-devel-linux-x86_64-fedora-clang 1.0 26.04 NOTE
r-devel-linux-x86_64-fedora-gcc 1.0 23.07 NOTE
r-devel-osx-x86_64-clang 1.0 33.63 NOTE
r-devel-windows-ix86+x86_64 1.0 4.00 24.00 28.00 NOTE
r-patched-linux-x86_64 1.0 0.63 17.52 18.15 NOTE
r-patched-solaris-sparc 1.0 169.70 NOTE
r-patched-solaris-x86 1.0 40.20 NOTE
r-release-linux-ix86 1.0 0.92 33.86 34.78 NOTE
r-release-linux-x86_64 1.0 0.64 17.66 18.30 NOTE
r-release-osx-x86_64-mavericks 1.0 NOTE
r-release-windows-ix86+x86_64 1.0 3.00 24.00 27.00 NOTE
r-oldrel-windows-ix86+x86_64 1.0 2.00 26.00 28.00 NOTE

Check Details

Version: 1.0
Check: dependencies in R code
Result: NOTE
    'library' or 'require' calls to packages already attached by Depends:
     ‘SpatialExtremes’ ‘combinat’
     Please remove these calls from your code.
    Packages in Depends field not imported from:
     ‘SpatialExtremes’ ‘combinat’
     These packages need to be imported from (in the NAMESPACE file)
     for when this namespace is loaded but not attached.
Flavors: r-devel-linux-x86_64-debian-clang, r-devel-linux-x86_64-debian-gcc, r-devel-linux-x86_64-fedora-clang, r-devel-linux-x86_64-fedora-gcc, r-devel-osx-x86_64-clang, r-devel-windows-ix86+x86_64

Version: 1.0
Check: R code for possible problems
Result: NOTE
    abc.rej: no visible global function definition for ‘rmaxstab’
    abc.rej: no visible global function definition for ‘gev2frech’
    abc.rej: no visible global function definition for ‘gevmle’
    summarize.stat: no visible global function definition for ‘gev2frech’
    summarize.stat: no visible global function definition for ‘gevmle’
Flavors: r-devel-linux-x86_64-debian-clang, r-devel-linux-x86_64-debian-gcc, r-devel-linux-x86_64-fedora-clang, r-devel-linux-x86_64-fedora-gcc, r-devel-osx-x86_64-clang, r-devel-windows-ix86+x86_64, r-patched-linux-x86_64, r-patched-solaris-sparc, r-patched-solaris-x86, r-release-linux-ix86, r-release-linux-x86_64, r-release-osx-x86_64-mavericks, r-release-windows-ix86+x86_64

Version: 1.0
Check: dependencies in R code
Result: NOTE
    'library' or 'require' calls to packages already attached by Depends:
     ‘SpatialExtremes’ ‘combinat’
     Please remove these calls from your code.
    Packages in Depends field not imported from:
     ‘SpatialExtremes’ ‘combinat’
     These packages need to be imported from (in the NAMESPACE file)
     for when this namespace is loaded but not attached.
    See the information on DESCRIPTION files in the chapter ‘Creating R
    packages’ of the ‘Writing R Extensions’ manual.
Flavors: r-patched-linux-x86_64, r-patched-solaris-sparc, r-patched-solaris-x86, r-release-linux-ix86, r-release-linux-x86_64, r-release-osx-x86_64-mavericks, r-release-windows-ix86+x86_64, r-oldrel-windows-ix86+x86_64