CRAN Package Check Results for Package ACCLMA

Last updated on 2015-02-05 23:50:18.

Flavor Version Tinstall Tcheck Ttotal Status Flags
r-devel-linux-x86_64-debian-clang 1.0 0.58 9.52 10.10 NOTE
r-devel-linux-x86_64-debian-gcc 1.0 0.58 10.73 11.31 NOTE
r-devel-linux-x86_64-fedora-clang 1.0 19.63 NOTE
r-devel-linux-x86_64-fedora-gcc 1.0 18.11 NOTE
r-devel-osx-x86_64-clang 1.0 27.16 NOTE
r-devel-windows-ix86+x86_64 1.0 4.00 18.00 22.00 NOTE
r-patched-linux-x86_64 1.0 0.60 9.60 10.20 NOTE
r-patched-solaris-sparc 1.0 124.20 NOTE
r-patched-solaris-x86 1.0 30.50 NOTE
r-release-linux-ix86 1.0 0.85 14.53 15.38 NOTE
r-release-linux-x86_64 1.0 0.60 9.48 10.07 NOTE
r-release-osx-x86_64-mavericks 1.0 NOTE
r-release-windows-ix86+x86_64 1.0 3.00 18.00 21.00 NOTE
r-oldrel-windows-ix86+x86_64 1.0 2.00 18.00 20.00 NOTE

Check Details

Version: 1.0
Check: Rd files
Result: NOTE
    prepare_Rd: ACCLMA-package.Rd:33-34: Dropping empty section \seealso
    prepare_Rd: averageSameXs.Rd:16-18: Dropping empty section \details
    prepare_Rd: averageSameXs.Rd:24-26: Dropping empty section \note
    prepare_Rd: averageSameXs.Rd:20-22: Dropping empty section \references
    prepare_Rd: averageSameXs.Rd:30-32: Dropping empty section \seealso
    prepare_Rd: calcFX.Rd:14-16: Dropping empty section \details
    prepare_Rd: calcFX.Rd:22-24: Dropping empty section \note
    prepare_Rd: calcFX.Rd:18-20: Dropping empty section \references
    prepare_Rd: calcFX.Rd:28-30: Dropping empty section \seealso
    prepare_Rd: calcFY.Rd:17-19: Dropping empty section \details
    prepare_Rd: calcFY.Rd:25-27: Dropping empty section \note
    prepare_Rd: calcFY.Rd:21-23: Dropping empty section \references
    prepare_Rd: calcFY.Rd:31-33: Dropping empty section \seealso
    prepare_Rd: calcLMA.Rd:17-19: Dropping empty section \details
    prepare_Rd: calcLMA.Rd:25-27: Dropping empty section \note
    prepare_Rd: calcLMA.Rd:21-23: Dropping empty section \references
    prepare_Rd: calcLMA.Rd:31-33: Dropping empty section \seealso
    prepare_Rd: calcLOI.Rd:16-18: Dropping empty section \details
    prepare_Rd: calcLOI.Rd:24-26: Dropping empty section \note
    prepare_Rd: calcLOI.Rd:20-22: Dropping empty section \references
    prepare_Rd: calcLOI.Rd:30-32: Dropping empty section \seealso
    prepare_Rd: calcWeights.Rd:16-18: Dropping empty section \details
    prepare_Rd: calcWeights.Rd:24-26: Dropping empty section \note
    prepare_Rd: calcWeights.Rd:20-22: Dropping empty section \references
    prepare_Rd: calcWeights.Rd:30-32: Dropping empty section \seealso
    prepare_Rd: fillCSVData.Rd:19-21: Dropping empty section \details
    prepare_Rd: fillCSVData.Rd:27-29: Dropping empty section \note
    prepare_Rd: fillCSVData.Rd:23-25: Dropping empty section \references
    prepare_Rd: fillCSVData.Rd:33-35: Dropping empty section \seealso
    prepare_Rd: fillData.Rd:12-14: Dropping empty section \details
    prepare_Rd: fillData.Rd:20-22: Dropping empty section \note
    prepare_Rd: fillData.Rd:16-18: Dropping empty section \references
    prepare_Rd: fillData.Rd:26-28: Dropping empty section \seealso
    prepare_Rd: plotGraphs.Rd:17-19: Dropping empty section \details
    prepare_Rd: plotGraphs.Rd:25-27: Dropping empty section \note
    prepare_Rd: plotGraphs.Rd:21-23: Dropping empty section \references
    prepare_Rd: plotGraphs.Rd:31-33: Dropping empty section \seealso
    prepare_Rd: plotLMA.Rd:17-19: Dropping empty section \details
    prepare_Rd: plotLMA.Rd:25-27: Dropping empty section \note
    prepare_Rd: plotLMA.Rd:21-23: Dropping empty section \references
    prepare_Rd: plotLMA.Rd:31-33: Dropping empty section \seealso
    prepare_Rd: size.Rd:15-17: Dropping empty section \details
    prepare_Rd: size.Rd:23-25: Dropping empty section \note
    prepare_Rd: size.Rd:19-21: Dropping empty section \references
    prepare_Rd: size.Rd:29-31: Dropping empty section \seealso
Flavors: r-devel-linux-x86_64-debian-clang, r-devel-linux-x86_64-debian-gcc, r-devel-linux-x86_64-fedora-clang, r-devel-linux-x86_64-fedora-gcc, r-devel-osx-x86_64-clang, r-devel-windows-ix86+x86_64, r-patched-linux-x86_64, r-patched-solaris-sparc, r-patched-solaris-x86, r-release-linux-ix86, r-release-linux-x86_64, r-release-osx-x86_64-mavericks, r-release-windows-ix86+x86_64, r-oldrel-windows-ix86+x86_64