Last updated on 2015-02-05 23:50:18.
Flavor | Version | Tinstall | Tcheck | Ttotal | Status | Flags |
---|---|---|---|---|---|---|
r-devel-linux-x86_64-debian-clang | 0.3-4 | 1.87 | 30.20 | 32.06 | NOTE | |
r-devel-linux-x86_64-debian-gcc | 0.3-4 | 1.77 | 29.99 | 31.76 | NOTE | |
r-devel-linux-x86_64-fedora-clang | 0.3-4 | 71.79 | NOTE | |||
r-devel-linux-x86_64-fedora-gcc | 0.3-4 | 63.69 | NOTE | |||
r-devel-osx-x86_64-clang | 0.3-4 | 66.54 | NOTE | |||
r-devel-windows-ix86+x86_64 | 0.3-4 | 10.00 | 49.00 | 59.00 | OK | |
r-patched-linux-x86_64 | 0.3-4 | 3.22 | 49.57 | 52.79 | OK | |
r-patched-solaris-sparc | 0.3-4 | 546.20 | OK | |||
r-patched-solaris-x86 | 0.3-4 | 136.80 | OK | |||
r-release-linux-ix86 | 0.3-4 | 3.76 | 57.48 | 61.24 | OK | |
r-release-linux-x86_64 | 0.3-4 | 3.31 | 48.82 | 52.12 | OK | |
r-release-osx-x86_64-mavericks | 0.3-4 | OK | ||||
r-release-osx-x86_64-snowleopard | 0.3-4 | OK | ||||
r-release-windows-ix86+x86_64 | 0.3-4 | 24.00 | 93.00 | 117.00 | OK | |
r-oldrel-windows-ix86+x86_64 | 0.3-4 | 19.00 | 101.00 | 120.00 | OK |
Version: 0.3-4
Check: S3 generic/method consistency
Result: NOTE
Found the following apparent S3 methods exported but not registered:
plot.demosimhybrid plot.hybridsim
See section ‘Registering S3 methods’ in the ‘Writing R Extensions’
manual.
Flavors: r-devel-linux-x86_64-debian-clang, r-devel-linux-x86_64-debian-gcc, r-devel-linux-x86_64-fedora-clang, r-devel-linux-x86_64-fedora-gcc, r-devel-osx-x86_64-clang