Last updated on 2015-02-05 23:50:18.
Flavor | Version | Tinstall | Tcheck | Ttotal | Status | Flags |
---|---|---|---|---|---|---|
r-devel-linux-x86_64-debian-clang | 1.0 | 0.55 | 16.74 | 17.29 | NOTE | |
r-devel-linux-x86_64-debian-gcc | 1.0 | 0.56 | 15.28 | 15.84 | NOTE | |
r-devel-linux-x86_64-fedora-clang | 1.0 | 33.33 | NOTE | |||
r-devel-linux-x86_64-fedora-gcc | 1.0 | 28.07 | NOTE | |||
r-devel-osx-x86_64-clang | 1.0 | 35.73 | OK | |||
r-devel-windows-ix86+x86_64 | 1.0 | 4.00 | 27.00 | 31.00 | OK | |
r-patched-linux-x86_64 | 1.0 | 0.58 | 16.78 | 17.36 | NOTE | |
r-patched-solaris-sparc | 1.0 | 222.50 | OK | |||
r-patched-solaris-x86 | 1.0 | 46.20 | OK | |||
r-release-linux-ix86 | 1.0 | 0.84 | 22.89 | 23.74 | NOTE | |
r-release-linux-x86_64 | 1.0 | 0.59 | 16.27 | 16.86 | NOTE | |
r-release-osx-x86_64-mavericks | 1.0 | OK | ||||
r-release-windows-ix86+x86_64 | 1.0 | 2.00 | 27.00 | 29.00 | OK | |
r-oldrel-windows-ix86+x86_64 | 1.0 | 2.00 | 27.00 | 29.00 | OK |
Version: 1.0
Check: Rd line widths
Result: NOTE
Rd file 'MGN.EM.Rd':
\usage lines wider than 90 characters:
MGN.EM(data, nK, p0 = NULL, d0 = 0, nK0 = 0, iter.max = 10, print.steps = FALSE, MGN0 = NULL, model = NULL, nMC = 10000)
Rd file 'test.AMAP.Rd':
\usage lines wider than 90 characters:
test.AMAP(data, MGN, del.lim = NULL, FC = NULL, print.steps = FALSE, Integration = "MC",nMC=NULL)
\examples lines wider than 100 characters:
data("SimuHapMap") # a matrix 'counts' storing simulated data with 10000 genes, two treatments, of which each has 5 replicates
These lines will be truncated in the PDF manual.
Flavors: r-devel-linux-x86_64-debian-clang, r-devel-linux-x86_64-debian-gcc, r-devel-linux-x86_64-fedora-clang, r-devel-linux-x86_64-fedora-gcc, r-patched-linux-x86_64, r-release-linux-ix86, r-release-linux-x86_64