Last updated on 2015-02-05 23:50:18.
Flavor | Version | Tinstall | Tcheck | Ttotal | Status | Flags |
---|---|---|---|---|---|---|
r-devel-linux-x86_64-debian-clang | 1.4 | 7.56 | 11.75 | 19.30 | NOTE | |
r-devel-linux-x86_64-debian-gcc | 1.4 | 7.84 | 11.59 | 19.43 | NOTE | |
r-devel-linux-x86_64-fedora-clang | 1.4 | 43.67 | NOTE | |||
r-devel-linux-x86_64-fedora-gcc | 1.4 | 37.48 | NOTE | |||
r-devel-osx-x86_64-clang | 1.4 | 44.29 | NOTE | |||
r-devel-windows-ix86+x86_64 | 1.4 | 34.00 | 30.00 | 64.00 | NOTE | |
r-patched-linux-x86_64 | 1.4 | 8.24 | 13.99 | 22.23 | NOTE | |
r-patched-solaris-sparc | 1.4 | 300.60 | NOTE | |||
r-patched-solaris-x86 | 1.4 | 59.40 | NOTE | |||
r-release-linux-ix86 | 1.4 | 10.06 | 19.50 | 29.56 | NOTE | |
r-release-linux-x86_64 | 1.4 | 8.30 | 13.50 | 21.80 | NOTE | |
r-release-osx-x86_64-mavericks | 1.4 | NOTE | ||||
r-release-osx-x86_64-snowleopard | 1.4 | OK | ||||
r-release-windows-ix86+x86_64 | 1.4 | 37.00 | 32.00 | 69.00 | NOTE | |
r-oldrel-windows-ix86+x86_64 | 1.4 | 38.00 | 41.00 | 79.00 | NOTE |
Version: 1.4
Check: dependencies in R code
Result: NOTE
'library' or 'require' calls in package code:
‘MASS’ ‘Matrix’
Please use :: or requireNamespace() instead.
See section 'Suggested packages' in the 'Writing R Extensions' manual.
Package in Depends field not imported from: ‘Rcpp’
These packages need to be imported from (in the NAMESPACE file)
for when this namespace is loaded but not attached.
Flavors: r-devel-linux-x86_64-debian-clang, r-devel-linux-x86_64-debian-gcc, r-devel-linux-x86_64-fedora-clang, r-devel-linux-x86_64-fedora-gcc, r-devel-osx-x86_64-clang, r-devel-windows-ix86+x86_64
Version: 1.4
Check: S3 generic/method consistency
Result: NOTE
Found the following apparent S3 methods exported but not registered:
asggm.default asggm.formula aslm.default aslm.formula logLik.aslm
nobs.aslm predict.aslm print.aslm print.summary.aslm summary.aslm
See section ‘Registering S3 methods’ in the ‘Writing R Extensions’
manual.
Flavors: r-devel-linux-x86_64-debian-clang, r-devel-linux-x86_64-fedora-clang, r-devel-linux-x86_64-fedora-gcc, r-devel-osx-x86_64-clang
Version: 1.4
Check: R code for possible problems
Result: NOTE
rCSL: no visible global function definition for ‘ginv’
rCSL: no visible global function definition for ‘expand’
rCSL: no visible global function definition for ‘lu’
Flavors: r-devel-linux-x86_64-debian-clang, r-devel-linux-x86_64-debian-gcc, r-devel-linux-x86_64-fedora-clang, r-devel-linux-x86_64-fedora-gcc, r-devel-osx-x86_64-clang, r-devel-windows-ix86+x86_64, r-patched-linux-x86_64, r-patched-solaris-sparc, r-patched-solaris-x86, r-release-linux-ix86, r-release-linux-x86_64, r-release-osx-x86_64-mavericks, r-release-windows-ix86+x86_64
Version: 1.4
Check: S3 generic/method consistency
Result: NOTE
Found the following apparent S3 methods exported but not registered:
asggm.default asggm.formula aslm.default aslm.formula print.aslm
print.summary.aslm summary.aslm logLik.aslm nobs.aslm predict.aslm
See section ‘Registering S3 methods’ in the ‘Writing R Extensions’
manual.
Flavor: r-devel-linux-x86_64-debian-gcc
Version: 1.4
Check: dependencies in R code
Result: NOTE
Package in Depends field not imported from: ‘Rcpp’
These packages need to be imported from (in the NAMESPACE file)
for when this namespace is loaded but not attached.
See the information on DESCRIPTION files in the chapter ‘Creating R
packages’ of the ‘Writing R Extensions’ manual.
Flavors: r-patched-linux-x86_64, r-patched-solaris-sparc, r-patched-solaris-x86, r-release-linux-ix86, r-release-linux-x86_64, r-release-osx-x86_64-mavericks, r-release-windows-ix86+x86_64, r-oldrel-windows-ix86+x86_64