Last updated on 2015-02-05 23:50:18.
Flavor | Version | Tinstall | Tcheck | Ttotal | Status | Flags |
---|---|---|---|---|---|---|
r-devel-linux-x86_64-debian-clang | 1.2 | 0.64 | 9.53 | 10.17 | NOTE | |
r-devel-linux-x86_64-debian-gcc | 1.2 | 0.63 | 9.16 | 9.78 | NOTE | |
r-devel-linux-x86_64-fedora-clang | 1.2 | 20.58 | NOTE | |||
r-devel-linux-x86_64-fedora-gcc | 1.2 | 17.80 | NOTE | |||
r-devel-osx-x86_64-clang | 1.2 | 31.64 | NOTE | |||
r-devel-windows-ix86+x86_64 | 1.2 | 5.00 | 18.00 | 23.00 | NOTE | |
r-patched-linux-x86_64 | 1.2 | 0.66 | 9.65 | 10.32 | NOTE | |
r-patched-solaris-sparc | 1.2 | 142.30 | NOTE | |||
r-patched-solaris-x86 | 1.2 | 35.00 | NOTE | |||
r-release-linux-ix86 | 1.2 | 0.98 | 16.13 | 17.11 | NOTE | |
r-release-linux-x86_64 | 1.2 | 0.65 | 9.67 | 10.32 | NOTE | |
r-release-osx-x86_64-mavericks | 1.2 | NOTE | ||||
r-release-windows-ix86+x86_64 | 1.2 | 3.00 | 18.00 | 21.00 | NOTE | |
r-oldrel-windows-ix86+x86_64 | 1.2 | 3.00 | 18.00 | 21.00 | NOTE |
Version: 1.2
Check: dependencies in R code
Result: NOTE
'library' or 'require' call to ‘tcltk’ which was already attached by Depends.
Please remove these calls from your code.
Flavors: r-devel-linux-x86_64-debian-clang, r-devel-linux-x86_64-debian-gcc, r-devel-linux-x86_64-fedora-clang, r-devel-linux-x86_64-fedora-gcc, r-devel-osx-x86_64-clang, r-devel-windows-ix86+x86_64
Version: 1.2
Check: dependencies in R code
Result: NOTE
'library' or 'require' call to ‘tcltk’ which was already attached by Depends.
Please remove these calls from your code.
See the information on DESCRIPTION files in the chapter ‘Creating R
packages’ of the ‘Writing R Extensions’ manual.
Flavors: r-patched-linux-x86_64, r-patched-solaris-sparc, r-patched-solaris-x86, r-release-linux-ix86, r-release-linux-x86_64, r-release-osx-x86_64-mavericks, r-release-windows-ix86+x86_64, r-oldrel-windows-ix86+x86_64