Last updated on 2015-02-05 23:50:18.
Flavor | Version | Tinstall | Tcheck | Ttotal | Status | Flags |
---|---|---|---|---|---|---|
r-devel-linux-x86_64-debian-clang | 2.0 | 0.55 | 11.14 | 11.69 | NOTE | |
r-devel-linux-x86_64-debian-gcc | 2.0 | 0.54 | 11.22 | 11.76 | NOTE | |
r-devel-linux-x86_64-fedora-clang | 2.0 | 25.33 | NOTE | |||
r-devel-linux-x86_64-fedora-gcc | 2.0 | 21.67 | NOTE | |||
r-devel-osx-x86_64-clang | 2.0 | 29.36 | NOTE | |||
r-devel-windows-ix86+x86_64 | 2.0 | 4.00 | 18.00 | 22.00 | NOTE | |
r-patched-linux-x86_64 | 2.0 | 0.65 | 11.30 | 11.95 | OK | |
r-patched-solaris-sparc | 2.0 | 173.00 | OK | |||
r-patched-solaris-x86 | 2.0 | 33.30 | OK | |||
r-release-linux-ix86 | 2.0 | 0.84 | 21.38 | 22.22 | OK | |
r-release-linux-x86_64 | 2.0 | 0.71 | 12.42 | 13.13 | OK | |
r-release-osx-x86_64-mavericks | 2.0 | OK | ||||
r-release-windows-ix86+x86_64 | 2.0 | 3.00 | 17.00 | 20.00 | OK | |
r-oldrel-windows-ix86+x86_64 | 2.0 | 3.00 | 19.00 | 22.00 | OK |
Version: 2.0
Check: dependencies in R code
Result: NOTE
'library' or 'require' call to ‘stats’ in package code.
Please use :: or requireNamespace() instead.
See section 'Suggested packages' in the 'Writing R Extensions' manual.
Flavors: r-devel-linux-x86_64-debian-clang, r-devel-linux-x86_64-debian-gcc, r-devel-linux-x86_64-fedora-clang, r-devel-linux-x86_64-fedora-gcc, r-devel-osx-x86_64-clang, r-devel-windows-ix86+x86_64