Last updated on 2015-02-05 23:50:18.
Flavor | Version | Tinstall | Tcheck | Ttotal | Status | Flags |
---|---|---|---|---|---|---|
r-devel-linux-x86_64-debian-clang | 0.1-10 | 1.31 | 17.28 | 18.59 | NOTE | |
r-devel-linux-x86_64-debian-gcc | 0.1-10 | 1.21 | 17.04 | 18.25 | NOTE | |
r-devel-linux-x86_64-fedora-clang | 0.1-10 | 38.01 | NOTE | |||
r-devel-linux-x86_64-fedora-gcc | 0.1-10 | 32.97 | NOTE | |||
r-devel-osx-x86_64-clang | 0.1-10 | 43.03 | NOTE | |||
r-devel-windows-ix86+x86_64 | 0.1-10 | 13.00 | 31.00 | 44.00 | NOTE | |
r-patched-linux-x86_64 | 0.1-10 | 1.38 | 18.42 | 19.80 | NOTE | |
r-patched-solaris-sparc | 0.1-10 | 254.20 | NOTE | |||
r-patched-solaris-x86 | 0.1-10 | 50.50 | NOTE | |||
r-release-linux-ix86 | 0.1-10 | 1.88 | 25.99 | 27.86 | NOTE | |
r-release-linux-x86_64 | 0.1-10 | 1.44 | 19.78 | 21.22 | NOTE | |
r-release-osx-x86_64-mavericks | 0.1-10 | NOTE | ||||
r-release-osx-x86_64-snowleopard | 0.1-10 | OK | ||||
r-release-windows-ix86+x86_64 | 0.1-10 | 9.00 | 38.00 | 47.00 | NOTE | |
r-oldrel-windows-ix86+x86_64 | 0.1-10 | 10.00 | 38.00 | 48.00 | NOTE |
Version: 0.1-10
Check: dependencies in R code
Result: NOTE
Package in Depends field not imported from: ‘mvtnorm’
These packages need to be imported from (in the NAMESPACE file)
for when this namespace is loaded but not attached.
Flavors: r-devel-linux-x86_64-debian-clang, r-devel-linux-x86_64-debian-gcc, r-devel-linux-x86_64-fedora-clang, r-devel-linux-x86_64-fedora-gcc, r-devel-osx-x86_64-clang, r-devel-windows-ix86+x86_64
Version: 0.1-10
Check: R code for possible problems
Result: NOTE
my_uminp_method: no visible global function definition for ‘pmvnorm’
Flavors: r-devel-linux-x86_64-debian-clang, r-devel-linux-x86_64-debian-gcc, r-devel-linux-x86_64-fedora-clang, r-devel-linux-x86_64-fedora-gcc, r-devel-osx-x86_64-clang, r-devel-windows-ix86+x86_64, r-patched-linux-x86_64, r-patched-solaris-sparc, r-patched-solaris-x86, r-release-linux-ix86, r-release-linux-x86_64, r-release-osx-x86_64-mavericks, r-release-windows-ix86+x86_64
Version: 0.1-10
Check: dependencies in R code
Result: NOTE
Package in Depends field not imported from: ‘mvtnorm’
These packages need to be imported from (in the NAMESPACE file)
for when this namespace is loaded but not attached.
See the information on DESCRIPTION files in the chapter ‘Creating R
packages’ of the ‘Writing R Extensions’ manual.
Flavors: r-patched-linux-x86_64, r-patched-solaris-sparc, r-patched-solaris-x86, r-release-linux-ix86, r-release-linux-x86_64, r-release-osx-x86_64-mavericks, r-release-windows-ix86+x86_64, r-oldrel-windows-ix86+x86_64