Last updated on 2015-02-05 23:50:18.
Flavor | Version | Tinstall | Tcheck | Ttotal | Status | Flags |
---|---|---|---|---|---|---|
r-devel-linux-x86_64-debian-clang | 0.99.0 | 9.14 | 129.16 | 138.29 | OK | |
r-devel-linux-x86_64-debian-gcc | 0.99.0 | 9.13 | 123.78 | 132.92 | OK | |
r-devel-linux-x86_64-fedora-clang | 0.99.0 | 310.38 | OK | |||
r-devel-linux-x86_64-fedora-gcc | 0.99.0 | 283.02 | OK | |||
r-devel-osx-x86_64-clang | 0.99.0 | 255.95 | OK | |||
r-devel-windows-ix86+x86_64 | 0.99.0 | 36.00 | 193.00 | 229.00 | OK | |
r-patched-linux-x86_64 | 0.99.0 | 13.60 | 182.45 | 196.05 | OK | |
r-patched-solaris-sparc | 0.99.0 | 2271.20 | OK | |||
r-patched-solaris-x86 | 0.99.0 | 591.00 | OK | |||
r-release-linux-ix86 | 0.99.0 | 16.39 | 201.54 | 217.92 | OK | |
r-release-linux-x86_64 | 0.99.0 | 13.70 | 184.03 | 197.73 | OK | |
r-release-osx-x86_64-mavericks | 0.99.0 | ERROR | ||||
r-release-osx-x86_64-snowleopard | 0.99.0 | ERROR | ||||
r-release-windows-ix86+x86_64 | 0.99.0 | 59.00 | 272.00 | 331.00 | OK | |
r-oldrel-windows-ix86+x86_64 | 0.99.0 | 9.00 | 1.00 | 10.00 | ERROR |
Version: 0.99.0
Check: package dependencies
Result: ERROR
Package required but not available: ‘RDAVIDWebService’
See the information on DESCRIPTION files in the chapter ‘Creating R
packages’ of the ‘Writing R Extensions’ manual.
Flavors: r-release-osx-x86_64-mavericks, r-release-osx-x86_64-snowleopard
Version: 0.99.0
Check: whether package can be installed
Result: ERROR
Installation failed.
Flavor: r-oldrel-windows-ix86+x86_64