Last updated on 2015-02-05 23:50:19.
Flavor | Version | Tinstall | Tcheck | Ttotal | Status | Flags |
---|---|---|---|---|---|---|
r-devel-linux-x86_64-debian-clang | 1.9 | 2.93 | 23.63 | 26.56 | OK | |
r-devel-linux-x86_64-debian-gcc | 1.9 | 2.63 | 22.77 | 25.40 | OK | |
r-devel-linux-x86_64-fedora-clang | 1.9 | 43.48 | OK | |||
r-devel-linux-x86_64-fedora-gcc | 1.9 | 20.91 | OK | |||
r-devel-osx-x86_64-clang | 1.9 | 46.80 | OK | |||
r-devel-windows-ix86+x86_64 | 1.9 | 21.00 | 47.00 | 68.00 | OK | |
r-patched-linux-x86_64 | 1.9 | 2.92 | 24.61 | 27.54 | OK | |
r-patched-solaris-sparc | 1.9 | 239.30 | NOTE | |||
r-patched-solaris-x86 | 1.9 | 49.70 | OK | |||
r-release-linux-ix86 | 1.8 | 3.68 | 32.06 | 35.74 | OK | |
r-release-linux-x86_64 | 1.9 | 3.90 | 25.60 | 29.50 | OK | |
r-release-osx-x86_64-mavericks | 1.9 | OK | ||||
r-release-osx-x86_64-snowleopard | 1.9 | OK | ||||
r-release-windows-ix86+x86_64 | 1.9 | 16.00 | 49.00 | 65.00 | OK | |
r-oldrel-windows-ix86+x86_64 | 1.9 | 19.00 | 51.00 | 70.00 | OK |
Version: 1.9
Check: package dependencies
Result: NOTE
Package suggested but not available for checking: ‘microbenchmark’
Flavor: r-patched-solaris-sparc