Last updated on 2015-02-05 23:50:19.
Flavor | Version | Tinstall | Tcheck | Ttotal | Status | Flags |
---|---|---|---|---|---|---|
r-devel-linux-x86_64-debian-clang | 1.1 | 21.40 | 80.77 | 102.16 | NOTE | |
r-devel-linux-x86_64-debian-gcc | 1.1 | 26.68 | 78.76 | 105.44 | NOTE | |
r-devel-linux-x86_64-fedora-clang | 1.1 | 239.04 | NOTE | |||
r-devel-linux-x86_64-fedora-gcc | 1.1 | 218.39 | NOTE | |||
r-devel-osx-x86_64-clang | 1.1 | 180.00 | OK | |||
r-devel-windows-ix86+x86_64 | 1.1 | 68.00 | 177.00 | 245.00 | OK | |
r-patched-linux-x86_64 | 1.1 | 31.52 | 152.04 | 183.55 | NOTE | |
r-patched-solaris-sparc | 1.1 | 2193.90 | NOTE | |||
r-patched-solaris-x86 | 1.1 | 488.80 | NOTE | |||
r-release-linux-ix86 | 1.1 | 43.32 | 163.72 | 207.03 | OK | |
r-release-linux-x86_64 | 1.1 | 31.36 | 150.05 | 181.41 | NOTE | |
r-release-osx-x86_64-mavericks | 1.1 | ERROR | ||||
r-release-osx-x86_64-snowleopard | 1.1 | OK | ||||
r-release-windows-ix86+x86_64 | 1.1 | 115.00 | 379.00 | 494.00 | OK | |
r-oldrel-windows-ix86+x86_64 | 1.1 | 73.00 | 405.00 | 478.00 | OK |
Version: 1.1
Check: installed package size
Result: NOTE
installed size is 5.3Mb
sub-directories of 1Mb or more:
data 1.0Mb
libs 4.1Mb
Flavors: r-devel-linux-x86_64-debian-clang, r-devel-linux-x86_64-debian-gcc, r-devel-linux-x86_64-fedora-clang, r-devel-linux-x86_64-fedora-gcc, r-patched-linux-x86_64, r-patched-solaris-sparc, r-patched-solaris-x86, r-release-linux-x86_64
Version: 1.1
Check: whether package can be installed
Result: ERROR
Installation failed.
Flavor: r-release-osx-x86_64-mavericks