Last updated on 2015-02-05 23:50:19.
Flavor | Version | Tinstall | Tcheck | Ttotal | Status | Flags |
---|---|---|---|---|---|---|
r-devel-linux-x86_64-debian-clang | 0.2.1 | 34.54 | 14.14 | 48.68 | NOTE | |
r-devel-linux-x86_64-debian-gcc | 0.2.1 | 29.14 | 13.55 | 42.69 | NOTE | |
r-devel-linux-x86_64-fedora-clang | 0.2.1 | 121.02 | NOTE | |||
r-devel-linux-x86_64-fedora-gcc | 0.2.1 | 84.85 | NOTE | |||
r-devel-osx-x86_64-clang | 0.2.1 | 86.70 | NOTE | |||
r-devel-windows-ix86+x86_64 | 0.2.1 | 103.00 | 36.00 | 139.00 | OK | |
r-patched-linux-x86_64 | 0.2.1 | 29.68 | 15.30 | 44.98 | NOTE | |
r-patched-solaris-sparc | 0.2.1 | 630.90 | OK | |||
r-patched-solaris-x86 | 0.2.1 | 121.30 | OK | |||
r-release-linux-ix86 | 0.2.1 | 35.62 | 21.84 | 57.46 | OK | |
r-release-linux-x86_64 | 0.2.1 | 29.69 | 15.23 | 44.92 | NOTE | |
r-release-osx-x86_64-mavericks | 0.2.1 | OK | ||||
r-release-osx-x86_64-snowleopard | 0.2.1 | OK | ||||
r-release-windows-ix86+x86_64 | 0.2.1 | 107.00 | 62.00 | 169.00 | OK | |
r-oldrel-windows-ix86+x86_64 | 0.2.1 | 105.00 | 53.00 | 158.00 | OK |
Version: 0.2.1
Check: installed package size
Result: NOTE
installed size is 5.3Mb
sub-directories of 1Mb or more:
libs 5.2Mb
Flavors: r-devel-linux-x86_64-debian-clang, r-devel-linux-x86_64-debian-gcc, r-devel-linux-x86_64-fedora-clang, r-devel-linux-x86_64-fedora-gcc, r-patched-linux-x86_64, r-release-linux-x86_64
Version: 0.2.1
Check: S3 generic/method consistency
Result: NOTE
Found the following apparent S3 methods exported but not registered:
plot.BIPOD
See section ‘Registering S3 methods’ in the ‘Writing R Extensions’
manual.
Flavors: r-devel-linux-x86_64-debian-clang, r-devel-linux-x86_64-debian-gcc, r-devel-linux-x86_64-fedora-clang, r-devel-linux-x86_64-fedora-gcc, r-devel-osx-x86_64-clang