CRAN Package Check Results for Package BayesComm

Last updated on 2015-02-05 23:50:18.

Flavor Version Tinstall Tcheck Ttotal Status Flags
r-devel-linux-x86_64-debian-clang 0.1-0 12.30 15.43 27.73 NOTE
r-devel-linux-x86_64-debian-gcc 0.1-0 14.99 14.78 29.77 NOTE
r-devel-linux-x86_64-fedora-clang 0.1-0 63.68 NOTE
r-devel-linux-x86_64-fedora-gcc 0.1-0 57.43 NOTE
r-devel-osx-x86_64-clang 0.1-0 46.13 NOTE
r-devel-windows-ix86+x86_64 0.1-0 70.00 39.00 109.00 NOTE
r-patched-linux-x86_64 0.1-0 14.88 18.26 33.14 NOTE
r-patched-solaris-sparc 0.1-0 412.50 NOTE
r-patched-solaris-x86 0.1-0 83.20 NOTE
r-release-linux-ix86 0.1-0 17.31 24.68 41.99 NOTE
r-release-linux-x86_64 0.1-0 14.61 18.57 33.18 NOTE
r-release-osx-x86_64-mavericks 0.1-0 NOTE
r-release-windows-ix86+x86_64 0.1-0 70.00 71.00 141.00 NOTE
r-oldrel-windows-ix86+x86_64 0.1-0 53.00 57.00 110.00 NOTE

Check Details

Version: 0.1-0
Check: dependencies in R code
Result: NOTE
    Packages in Depends field not imported from:
     ‘Rcpp’ ‘RcppArmadillo’ ‘coda’
     These packages need to be imported from (in the NAMESPACE file)
     for when this namespace is loaded but not attached.
Flavors: r-devel-linux-x86_64-debian-clang, r-devel-linux-x86_64-debian-gcc, r-devel-linux-x86_64-fedora-clang, r-devel-linux-x86_64-fedora-gcc, r-devel-osx-x86_64-clang, r-devel-windows-ix86+x86_64

Version: 0.1-0
Check: S3 generic/method consistency
Result: NOTE
    Found the following apparent S3 methods exported but not registered:
     plot.bayescomm print.bayescomm residuals.bayescomm summary.bayescomm
     window.bayescomm
    See section ‘Registering S3 methods’ in the ‘Writing R Extensions’
    manual.
Flavors: r-devel-linux-x86_64-debian-clang, r-devel-linux-x86_64-fedora-clang, r-devel-linux-x86_64-fedora-gcc, r-devel-osx-x86_64-clang

Version: 0.1-0
Check: R code for possible problems
Result: NOTE
    plot.bayescomm: no visible global function definition for ‘mcmc’
    summary.bayescomm: no visible global function definition for ‘mcmc’
    window.bayescomm : trim: no visible global function definition for
     ‘mcmc’
Flavors: r-devel-linux-x86_64-debian-clang, r-devel-linux-x86_64-debian-gcc, r-devel-linux-x86_64-fedora-clang, r-devel-linux-x86_64-fedora-gcc, r-devel-osx-x86_64-clang, r-devel-windows-ix86+x86_64, r-patched-linux-x86_64, r-patched-solaris-sparc, r-patched-solaris-x86, r-release-linux-ix86, r-release-linux-x86_64, r-release-osx-x86_64-mavericks, r-release-windows-ix86+x86_64

Version: 0.1-0
Check: S3 generic/method consistency
Result: NOTE
    Found the following apparent S3 methods exported but not registered:
     print.bayescomm summary.bayescomm plot.bayescomm residuals.bayescomm
     window.bayescomm
    See section ‘Registering S3 methods’ in the ‘Writing R Extensions’
    manual.
Flavor: r-devel-linux-x86_64-debian-gcc

Version: 0.1-0
Check: DESCRIPTION meta-information
Result: NOTE
    'LinkingTo' for 'coda' is unused as it has no 'include' directory
Flavors: r-devel-windows-ix86+x86_64, r-release-windows-ix86+x86_64

Version: 0.1-0
Check: dependencies in R code
Result: NOTE
    Packages in Depends field not imported from:
     ‘Rcpp’ ‘RcppArmadillo’ ‘coda’
     These packages need to be imported from (in the NAMESPACE file)
     for when this namespace is loaded but not attached.
    See the information on DESCRIPTION files in the chapter ‘Creating R
    packages’ of the ‘Writing R Extensions’ manual.
Flavors: r-patched-linux-x86_64, r-patched-solaris-sparc, r-patched-solaris-x86, r-release-linux-ix86, r-release-linux-x86_64, r-release-osx-x86_64-mavericks, r-release-windows-ix86+x86_64, r-oldrel-windows-ix86+x86_64