Last updated on 2015-02-05 23:50:18.
Flavor | Version | Tinstall | Tcheck | Ttotal | Status | Flags |
---|---|---|---|---|---|---|
r-devel-linux-x86_64-debian-clang | 1.2 | 1.09 | 16.72 | 17.80 | NOTE | |
r-devel-linux-x86_64-debian-gcc | 1.2 | 0.84 | 16.94 | 17.78 | NOTE | |
r-devel-linux-x86_64-fedora-clang | 1.2 | 36.93 | NOTE | |||
r-devel-linux-x86_64-fedora-gcc | 1.2 | 31.87 | NOTE | |||
r-devel-osx-x86_64-clang | 1.2 | 34.69 | NOTE | |||
r-devel-windows-ix86+x86_64 | 1.2 | 5.00 | 24.00 | 29.00 | OK | |
r-patched-linux-x86_64 | 1.2 | 0.99 | 19.51 | 20.50 | OK | |
r-patched-solaris-sparc | 1.2 | 213.30 | OK | |||
r-patched-solaris-x86 | 1.2 | 52.80 | OK | |||
r-release-linux-ix86 | 1.2 | 1.34 | 25.90 | 27.24 | OK | |
r-release-linux-x86_64 | 1.2 | 0.95 | 19.41 | 20.36 | OK | |
r-release-osx-x86_64-mavericks | 1.2 | OK | ||||
r-release-osx-x86_64-snowleopard | 1.2 | OK | ||||
r-release-windows-ix86+x86_64 | 1.2 | 7.00 | 45.00 | 52.00 | OK | |
r-oldrel-windows-ix86+x86_64 | 1.2 | 6.00 | 31.00 | 37.00 | OK |
Version: 1.2
Check: S3 generic/method consistency
Result: NOTE
Found the following apparent S3 methods exported but not registered:
summary.fmem summary.gesm
See section ‘Registering S3 methods’ in the ‘Writing R Extensions’
manual.
Flavors: r-devel-linux-x86_64-debian-clang, r-devel-linux-x86_64-debian-gcc, r-devel-linux-x86_64-fedora-clang, r-devel-linux-x86_64-fedora-gcc, r-devel-osx-x86_64-clang