CRAN Package Check Results for Package Biodem

Last updated on 2015-02-05 23:50:19.

Flavor Version Tinstall Tcheck Ttotal Status Flags
r-devel-linux-x86_64-debian-clang 0.3 0.69 12.02 12.71 NOTE
r-devel-linux-x86_64-debian-gcc 0.3 0.67 12.00 12.67 NOTE
r-devel-linux-x86_64-fedora-clang 0.3 25.84 OK
r-devel-linux-x86_64-fedora-gcc 0.3 24.12 OK
r-devel-osx-x86_64-clang 0.3 35.52 OK
r-devel-windows-ix86+x86_64 0.3 4.00 20.00 24.00 OK
r-patched-linux-x86_64 0.3 0.72 12.73 13.44 NOTE
r-patched-solaris-sparc 0.3 197.30 OK
r-patched-solaris-x86 0.3 41.10 OK
r-release-linux-ix86 0.3 1.00 21.14 22.13 NOTE
r-release-linux-x86_64 0.3 0.73 12.63 13.36 NOTE
r-release-osx-x86_64-mavericks 0.3 OK
r-release-windows-ix86+x86_64 0.3 2.00 22.00 24.00 OK
r-oldrel-windows-ix86+x86_64 0.3 3.00 21.00 24.00 OK

Check Details

Version: 0.3
Check: R code for possible problems
Result: NOTE
    Found the following calls to attach():
    File ‘Biodem/R/sur.freq.R’:
     attach(x)
    See section ‘Good practice’ in ‘?attach’.
Flavors: r-devel-linux-x86_64-debian-clang, r-devel-linux-x86_64-debian-gcc, r-patched-linux-x86_64, r-release-linux-ix86, r-release-linux-x86_64